CRAN Package Check Results for Package see

Last updated on 2020-01-24 23:50:51 CET.

Flavor Version Tinstall Tcheck Ttotal Status Flags
r-devel-linux-x86_64-debian-clang 0.4.0 9.77 74.27 84.04 NOTE
r-devel-linux-x86_64-debian-gcc 0.4.0 8.45 57.68 66.13 NOTE
r-devel-linux-x86_64-fedora-clang 0.4.0 102.73 NOTE
r-devel-linux-x86_64-fedora-gcc 0.4.0 98.59 NOTE
r-devel-windows-ix86+x86_64 0.4.0 19.00 114.00 133.00 OK
r-devel-windows-ix86+x86_64-gcc8 0.4.0 27.00 125.00 152.00 OK
r-patched-linux-x86_64 0.4.0 9.00 67.22 76.22 NOTE
r-patched-solaris-x86 0.4.0 127.90 NOTE
r-release-linux-x86_64 0.4.0 8.09 65.17 73.26 NOTE
r-release-windows-ix86+x86_64 0.4.0 15.00 103.00 118.00 OK
r-release-osx-x86_64 0.4.0 OK
r-oldrel-windows-ix86+x86_64 0.4.0 11.00 80.00 91.00 OK
r-oldrel-osx-x86_64 0.4.0 OK

Check Details

Version: 0.4.0
Check: package dependencies
Result: NOTE
    Package suggested but not available for checking: 'rstanarm'
Flavors: r-devel-linux-x86_64-debian-clang, r-devel-linux-x86_64-debian-gcc, r-devel-linux-x86_64-fedora-clang, r-devel-linux-x86_64-fedora-gcc, r-patched-linux-x86_64, r-patched-solaris-x86, r-release-linux-x86_64