CRAN Package Check Results for Package sets

Last updated on 2020-07-13 19:48:48 CEST.

Flavor Version Tinstall Tcheck Ttotal Status Flags
r-devel-linux-x86_64-debian-clang 1.0-18 9.45 69.01 78.46 OK
r-devel-linux-x86_64-debian-gcc 1.0-18 7.46 51.46 58.92 OK
r-devel-linux-x86_64-fedora-clang 1.0-18 104.01 OK
r-devel-linux-x86_64-fedora-gcc 1.0-18 98.28 OK
r-devel-windows-ix86+x86_64 1.0-18 27.00 130.00 157.00 OK
r-patched-linux-x86_64 1.0-18 8.11 68.68 76.79 OK
r-patched-solaris-x86 1.0-18 114.70 OK
r-release-linux-x86_64 1.0-18 8.95 69.62 78.57 OK
r-release-macos-x86_64 1.0-18 ERROR
r-release-windows-ix86+x86_64 1.0-18 23.00 101.00 124.00 OK
r-oldrel-macos-x86_64 1.0-18 OK
r-oldrel-windows-ix86+x86_64 1.0-18 41.00 122.00 163.00 OK

Check Details

Version: 1.0-18
Check: whether package can be installed
Result: ERROR
    Installation failed.
Flavor: r-release-macos-x86_64