CRAN Package Check Results for Package shapefiles

Last updated on 2020-02-25 15:48:08 CET.

Flavor Version Tinstall Tcheck Ttotal Status Flags
r-devel-linux-x86_64-debian-clang 0.7 3.03 20.26 23.29 NOTE
r-devel-linux-x86_64-debian-gcc 0.7 2.19 16.10 18.29 NOTE
r-devel-linux-x86_64-fedora-clang 0.7 30.13 NOTE
r-devel-linux-x86_64-fedora-gcc 0.7 27.63 NOTE
r-devel-windows-ix86+x86_64 0.7 6.00 33.00 39.00 NOTE
r-devel-windows-ix86+x86_64-gcc8 0.7 6.00 35.00 41.00 NOTE
r-patched-linux-x86_64 0.7 2.35 18.68 21.03 NOTE
r-patched-solaris-x86 0.7 38.70 NOTE
r-release-linux-x86_64 0.7 2.05 18.85 20.90 NOTE
r-release-windows-ix86+x86_64 0.7 5.00 31.00 36.00 NOTE
r-release-osx-x86_64 0.7 NOTE
r-oldrel-windows-ix86+x86_64 0.7 6.00 40.00 46.00 NOTE
r-oldrel-osx-x86_64 0.7 NOTE

Check Details

Version: 0.7
Check: DESCRIPTION meta-information
Result: NOTE
    Malformed Description field: should contain one or more complete sentences.
Flavors: r-devel-linux-x86_64-debian-clang, r-devel-linux-x86_64-debian-gcc, r-devel-linux-x86_64-fedora-clang, r-devel-linux-x86_64-fedora-gcc, r-devel-windows-ix86+x86_64, r-devel-windows-ix86+x86_64-gcc8, r-patched-linux-x86_64, r-patched-solaris-x86, r-release-linux-x86_64, r-release-windows-ix86+x86_64, r-release-osx-x86_64, r-oldrel-windows-ix86+x86_64, r-oldrel-osx-x86_64

Version: 0.7
Check: dependencies in R code
Result: NOTE
    'library' or 'require' call to 'foreign' which was already attached by Depends.
     Please remove these calls from your code.
Flavors: r-devel-linux-x86_64-debian-clang, r-devel-linux-x86_64-debian-gcc, r-devel-linux-x86_64-fedora-clang, r-devel-linux-x86_64-fedora-gcc, r-devel-windows-ix86+x86_64, r-devel-windows-ix86+x86_64-gcc8, r-patched-linux-x86_64, r-patched-solaris-x86, r-release-linux-x86_64, r-release-windows-ix86+x86_64, r-release-osx-x86_64, r-oldrel-windows-ix86+x86_64, r-oldrel-osx-x86_64