CRAN Package Check Results for Package shinyAce

Last updated on 2020-06-01 15:47:55 CEST.

Flavor Version Tinstall Tcheck Ttotal Status Flags
r-devel-linux-x86_64-debian-clang 0.4.1 5.24 35.59 40.83 OK
r-devel-linux-x86_64-debian-gcc 0.4.1 4.00 30.01 34.01 OK
r-devel-linux-x86_64-fedora-clang 0.4.1 62.72 NOTE
r-devel-linux-x86_64-fedora-gcc 0.4.1 59.69 OK
r-devel-windows-ix86+x86_64 0.4.1 25.00 88.00 113.00 NOTE
r-patched-linux-x86_64 0.4.1 4.09 38.18 42.27 OK
r-patched-solaris-x86 0.4.1 79.80 NOTE
r-release-linux-x86_64 0.4.1 4.54 39.59 44.13 OK
r-release-osx-x86_64 0.4.1 NOTE
r-release-windows-ix86+x86_64 0.4.1 22.00 71.00 93.00 NOTE
r-oldrel-osx-x86_64 0.4.1 NOTE
r-oldrel-windows-ix86+x86_64 0.4.1 21.00 49.00 70.00 NOTE

Check Details

Version: 0.4.1
Check: installed package size
Result: NOTE
     installed size is 8.2Mb
     sub-directories of 1Mb or more:
     www 7.7Mb
Flavors: r-devel-linux-x86_64-fedora-clang, r-devel-windows-ix86+x86_64, r-patched-solaris-x86, r-release-osx-x86_64, r-release-windows-ix86+x86_64, r-oldrel-osx-x86_64, r-oldrel-windows-ix86+x86_64