CRAN Package Check Results for Package shipunov

Last updated on 2020-06-06 15:48:35 CEST.

Flavor Version Tinstall Tcheck Ttotal Status Flags
r-devel-linux-x86_64-debian-clang 1.8 7.56 73.31 80.87 OK
r-devel-linux-x86_64-debian-gcc 1.8 6.32 57.03 63.35 OK
r-devel-linux-x86_64-fedora-clang 1.8 90.15 OK
r-devel-linux-x86_64-fedora-gcc 1.8 79.35 OK
r-devel-windows-ix86+x86_64 1.8 17.00 123.00 140.00 OK
r-patched-linux-x86_64 1.8 8.59 54.89 63.48 OK
r-patched-solaris-x86 1.8 122.60 OK
r-release-linux-x86_64 1.8 7.89 71.66 79.55 OK
r-release-osx-x86_64 1.7 NOTE
r-release-windows-ix86+x86_64 1.8 13.00 96.00 109.00 OK
r-oldrel-osx-x86_64 1.8 OK
r-oldrel-windows-ix86+x86_64 1.8 12.00 88.00 100.00 OK

Check Details

Version: 1.7
Check: dependencies in R code
Result: NOTE
    Namespace in Imports field not imported from: ‘methods’
     All declared Imports should be used.
Flavor: r-release-osx-x86_64