CRAN Package Check Results for Package smam

Last updated on 2020-04-08 19:49:29 CEST.

Flavor Version Tinstall Tcheck Ttotal Status Flags
r-devel-linux-x86_64-debian-clang 0.5.3 84.64 45.62 130.26 NOTE
r-devel-linux-x86_64-debian-gcc 0.5.3 51.33 35.87 87.20 NOTE
r-devel-linux-x86_64-fedora-clang 0.5.3 186.71 NOTE
r-devel-linux-x86_64-fedora-gcc 0.5.3 160.42 NOTE
r-devel-windows-ix86+x86_64 0.5.3 145.00 116.00 261.00 NOTE
r-devel-windows-ix86+x86_64-gcc8 0.5.3 149.00 96.00 245.00 NOTE
r-patched-linux-x86_64 0.5.3 61.82 45.40 107.22 NOTE
r-patched-solaris-x86 0.5.3 169.00 NOTE
r-release-linux-x86_64 0.5.3 59.22 42.44 101.66 NOTE
r-release-windows-ix86+x86_64 0.5.3 152.00 114.00 266.00 NOTE
r-release-osx-x86_64 0.5.3 NOTE
r-oldrel-windows-ix86+x86_64 0.5.3 181.00 80.00 261.00 NOTE
r-oldrel-osx-x86_64 0.5.3 NOTE

Check Details

Version: 0.5.3
Check: for GNU extensions in Makefiles
Result: NOTE
    GNU make is a SystemRequirements.
Flavors: r-devel-linux-x86_64-debian-clang, r-devel-linux-x86_64-debian-gcc, r-devel-linux-x86_64-fedora-clang, r-devel-linux-x86_64-fedora-gcc, r-devel-windows-ix86+x86_64, r-devel-windows-ix86+x86_64-gcc8, r-patched-linux-x86_64, r-patched-solaris-x86, r-release-linux-x86_64, r-release-windows-ix86+x86_64, r-release-osx-x86_64, r-oldrel-windows-ix86+x86_64, r-oldrel-osx-x86_64

Version: 0.5.3
Check: installed package size
Result: NOTE
     installed size is 6.0Mb
     sub-directories of 1Mb or more:
     libs 5.4Mb
Flavors: r-devel-linux-x86_64-fedora-clang, r-release-osx-x86_64, r-oldrel-osx-x86_64