CRAN Package Check Results for Package soc.ca

Last updated on 2020-04-07 07:48:45 CEST.

Flavor Version Tinstall Tcheck Ttotal Status Flags
r-devel-linux-x86_64-debian-clang 0.7.3 7.85 78.74 86.59 OK
r-devel-linux-x86_64-debian-gcc 0.7.3 5.75 60.04 65.79 OK
r-devel-linux-x86_64-fedora-clang 0.7.3 106.13 NOTE
r-devel-linux-x86_64-fedora-gcc 0.7.3 101.64 NOTE
r-devel-windows-ix86+x86_64 0.7.3 31.00 88.00 119.00 OK
r-devel-windows-ix86+x86_64-gcc8 0.7.3 18.00 96.00 114.00 OK
r-patched-linux-x86_64 0.7.3 6.86 75.46 82.32 OK
r-patched-solaris-x86 0.7.3 146.60 NOTE
r-release-linux-x86_64 0.7.3 6.99 72.29 79.28 OK
r-release-windows-ix86+x86_64 0.7.3 34.00 117.00 151.00 OK
r-release-osx-x86_64 0.7.3 NOTE
r-oldrel-windows-ix86+x86_64 0.7.3 9.00 83.00 92.00 OK
r-oldrel-osx-x86_64 0.7.3 NOTE

Check Details

Version: 0.7.3
Check: data for non-ASCII characters
Result: NOTE
     Note: found 833 marked UTF-8 strings
Flavors: r-devel-linux-x86_64-fedora-clang, r-devel-linux-x86_64-fedora-gcc, r-patched-solaris-x86, r-release-osx-x86_64, r-oldrel-osx-x86_64