CRAN Package Check Results for Package spatialfusion

Last updated on 2020-01-22 11:50:35 CET.

Flavor Version Tinstall Tcheck Ttotal Status Flags
r-devel-linux-x86_64-debian-clang 0.6 26.08 168.78 194.86 NOTE
r-devel-linux-x86_64-debian-gcc 0.6 22.01 130.20 152.21 NOTE
r-devel-linux-x86_64-fedora-clang 0.6 245.84 WARN
r-devel-linux-x86_64-fedora-gcc 0.6 235.98 OK
r-devel-windows-ix86+x86_64 0.6 78.00 158.00 236.00 OK
r-devel-windows-ix86+x86_64-gcc8 0.6 68.00 161.00 229.00 OK
r-patched-linux-x86_64 0.6 22.62 151.82 174.44 NOTE
r-patched-solaris-x86 0.6 381.00 NOTE
r-release-linux-x86_64 0.6 21.61 154.15 175.76 NOTE
r-release-windows-ix86+x86_64 0.6 39.00 219.00 258.00 OK
r-release-osx-x86_64 0.6 NOTE
r-oldrel-windows-ix86+x86_64 0.6 24.00 176.00 200.00 OK
r-oldrel-osx-x86_64 0.6 NOTE

Check Details

Version: 0.6
Check: package dependencies
Result: NOTE
    Package suggested but not available for checking: 'INLA'
Flavors: r-devel-linux-x86_64-debian-clang, r-devel-linux-x86_64-debian-gcc, r-patched-linux-x86_64, r-patched-solaris-x86, r-release-linux-x86_64, r-release-osx-x86_64, r-oldrel-osx-x86_64

Version: 0.6
Check: package dependencies
Result: WARN
    Requires orphaned package: ‘geoR’
Flavor: r-devel-linux-x86_64-fedora-clang