CRAN Package Check Results for Package spatialwidget

Last updated on 2020-06-02 11:48:20 CEST.

Flavor Version Tinstall Tcheck Ttotal Status Flags
r-devel-linux-x86_64-debian-clang 0.2.2 318.60 32.43 351.03 OK
r-devel-linux-x86_64-debian-gcc 0.2.2 290.07 25.19 315.26 OK
r-devel-linux-x86_64-fedora-clang 0.2.2 506.73 NOTE
r-devel-linux-x86_64-fedora-gcc 0.2.2 821.40 OK
r-devel-windows-ix86+x86_64 0.2.2 685.00 108.00 793.00 NOTE
r-patched-linux-x86_64 0.2.2 371.00 32.27 403.27 OK
r-patched-solaris-x86 0.2.2 377.60 OK
r-release-linux-x86_64 0.2.2 377.27 32.39 409.66 OK
r-release-osx-x86_64 0.2.2 NOTE
r-release-windows-ix86+x86_64 0.2.2 526.00 84.00 610.00 NOTE
r-oldrel-osx-x86_64 0.2.2 NOTE
r-oldrel-windows-ix86+x86_64 0.2.2 568.00 77.00 645.00 NOTE

Check Details

Version: 0.2.2
Check: installed package size
Result: NOTE
     installed size is 33.4Mb
     sub-directories of 1Mb or more:
     doc 1.2Mb
     libs 31.8Mb
Flavors: r-devel-linux-x86_64-fedora-clang, r-devel-windows-ix86+x86_64, r-release-osx-x86_64, r-release-windows-ix86+x86_64, r-oldrel-osx-x86_64, r-oldrel-windows-ix86+x86_64