CRAN Package Check Results for Package spatsurv

Last updated on 2020-01-27 15:48:21 CET.

Flavor Version Tinstall Tcheck Ttotal Status Flags
r-devel-linux-x86_64-debian-clang 1.2 39.21 293.66 332.87 OK
r-devel-linux-x86_64-debian-gcc 1.2 31.28 223.59 254.87 OK
r-devel-linux-x86_64-fedora-clang 1.2 395.30 OK
r-devel-linux-x86_64-fedora-gcc 1.2 392.02 OK
r-devel-windows-ix86+x86_64 1.2 104.00 379.00 483.00 OK
r-devel-windows-ix86+x86_64-gcc8 1.2 97.00 460.00 557.00 OK
r-patched-linux-x86_64 1.2 32.03 251.85 283.88 OK
r-patched-solaris-x86 1.2 490.30 OK
r-release-linux-x86_64 1.2 32.58 254.18 286.76 OK
r-release-windows-ix86+x86_64 1.2 46.00 256.00 302.00 OK
r-release-osx-x86_64 1.2 WARN
r-oldrel-windows-ix86+x86_64 1.2 32.00 289.00 321.00 OK
r-oldrel-osx-x86_64 1.2 OK

Check Details

Version: 1.2
Check: whether package can be installed
Result: WARN
    Found the following significant warnings:
     Warning: 'rgl_init' failed, running with rgl.useNULL = TRUE
Flavor: r-release-osx-x86_64