CRAN Package Check Results for Package stars

Last updated on 2020-06-05 11:48:27 CEST.

Flavor Version Tinstall Tcheck Ttotal Status Flags
r-devel-linux-x86_64-debian-clang 0.4-1 11.78 260.44 272.22 NOTE
r-devel-linux-x86_64-debian-gcc 0.4-1 9.76 201.50 211.26 NOTE
r-devel-linux-x86_64-fedora-clang 0.4-1 340.25 NOTE
r-devel-linux-x86_64-fedora-gcc 0.4-1 309.17 NOTE
r-devel-windows-ix86+x86_64 0.4-1 28.00 405.00 433.00 NOTE
r-patched-linux-x86_64 0.4-1 11.85 261.72 273.57 NOTE
r-patched-solaris-x86 0.4-1 473.20 NOTE
r-release-linux-x86_64 0.4-1 12.31 261.63 273.94 NOTE
r-release-osx-x86_64 0.4-1 ERROR
r-release-windows-ix86+x86_64 0.4-1 25.00 277.00 302.00 NOTE
r-oldrel-osx-x86_64 0.4-1 NOTE
r-oldrel-windows-ix86+x86_64 0.4-1 34.00 287.00 321.00 NOTE

Check Details

Version: 0.4-1
Check: package dependencies
Result: NOTE
    Package suggested but not available for checking: 'starsdata'
Flavors: r-devel-linux-x86_64-debian-clang, r-devel-linux-x86_64-debian-gcc, r-devel-linux-x86_64-fedora-clang, r-devel-linux-x86_64-fedora-gcc, r-devel-windows-ix86+x86_64, r-patched-linux-x86_64, r-patched-solaris-x86, r-release-linux-x86_64, r-release-osx-x86_64, r-release-windows-ix86+x86_64, r-oldrel-osx-x86_64, r-oldrel-windows-ix86+x86_64

Version: 0.4-1
Check: installed package size
Result: NOTE
     installed size is 8.2Mb
     sub-directories of 1Mb or more:
     doc 1.9Mb
     nc 4.5Mb
Flavors: r-devel-linux-x86_64-fedora-clang, r-devel-windows-ix86+x86_64, r-patched-solaris-x86, r-release-osx-x86_64, r-release-windows-ix86+x86_64, r-oldrel-osx-x86_64, r-oldrel-windows-ix86+x86_64

Version: 0.4-1
Check: examples
Result: ERROR
    Running examples in ‘stars-Ex.R’ failed
    The error most likely occurred in:
    
    > ### Name: st_warp
    > ### Title: Warp (resample) grids in stars objects to a new grid, possibly
    > ### in an new coordinate reference system
    > ### Aliases: st_warp
    >
    > ### ** Examples
    >
    > geomatrix = system.file("tif/geomatrix.tif", package = "stars")
    > (x = read_stars(geomatrix))
    stars object with 2 dimensions and 1 attribute
    attribute(s):
     geomatrix.tif
     Min. : 74.0
     1st Qu.:107.0
     Median :123.0
     Mean :126.8
     3rd Qu.:132.0
     Max. :255.0
    dimension(s):
     from to offset delta refsys point values
    x 1 20 1841002 1.5 PROJCS["WGS 84 / UTM zone... TRUE NULL [x]
    y 1 20 1144003 -1.5 PROJCS["WGS 84 / UTM zone... TRUE NULL [y]
    sheared raster with parameters: -5 -5
    > new_crs = st_crs(4326)
    > y = st_warp(x, crs = new_crs)
    > plot(st_transform(st_as_sfc(st_bbox(x)), new_crs), col = NA, border = 'red')
    > plot(st_as_sfc(y, as_points=FALSE), col = NA, border = 'green', axes = TRUE, add = TRUE)
    > image(y, add = TRUE, nbreaks = 6)
    > plot(st_as_sfc(y, as_points=TRUE), pch=3, cex=.5, col = 'blue', add = TRUE)
    > plot(st_transform(st_as_sfc(x, as_points=FALSE), new_crs), add = TRUE)
    > # warp 0-360 raster to -180-180 raster:
    > r = read_stars(system.file("nc/reduced.nc", package = "stars"))
    trying to read file: /Volumes/Builds/packages/high-sierra-x86_64/results/4.0/stars.Rcheck/stars/nc/reduced.nc
    Error in CPL_read_gdal(as.character(x), as.character(options), as.character(driver), :
     file not found
    Calls: read_stars -> <Anonymous> -> CPL_read_gdal
    Execution halted
Flavor: r-release-osx-x86_64

Version: 0.4-1
Check: tests
Result: ERROR
     Running ‘aggregate.R’ [2s/2s]
     Comparing ‘aggregate.Rout’ to ‘aggregate.Rout.save’ ...4c4
    < Linking to GEOS 3.7.2, GDAL 2.4.2, PROJ 5.2.0
    ---
    > Linking to GEOS 3.8.0, GDAL 3.0.2, PROJ 6.2.1
    11a12,13
    > Warning message:
    > st_crs<- : replacing crs does not reproject data; use st_transform for that
    30c32
    < station 1 70 NA NA EPSG:4326 TRUE
    ---
    > station 1 70 NA NA WGS 84 TRUE
    50c52
    < geometry 1 9 NA NA EPSG:4326 FALSE
    ---
    > geometry 1 9 NA NA WGS 84 FALSE
    71c73
    < file29d6699d97b.tif
    ---
    > file15163cefa82.tif
    80,81c82,83
    < x 1 2 0 5 GEOGCS["WGS 84",DATUM["WG... FALSE NULL [x]
    < y 1 2 12 -6 GEOGCS["WGS 84",DATUM["WG... FALSE NULL [y]
    ---
    > x 1 2 0 5 WGS 84 FALSE NULL [x]
    > y 1 2 12 -6 WGS 84 FALSE NULL [y]
    99c101
    < geometry 1 4 NA NA EPSG:4326 FALSE
    ---
    > geometry 1 4 NA NA WGS 84 FALSE
    128,129c130,131
    < x 1 10 0 1 EPSG:4326 FALSE NULL [x]
    < y 1 12 12 -1 EPSG:4326 FALSE NULL [y]
    ---
    > x 1 10 0 1 WGS 84 FALSE NULL [x]
    > y 1 12 12 -1 WGS 84 FALSE NULL [y]
    138c140
    < CRS: EPSG:4326
    ---
    > geographic CRS: WGS 84
    158c160
    < geometry 1 5 NA NA EPSG:4326 FALSE
    ---
    > geometry 1 5 NA NA WGS 84 FALSE
    178c180
    < geometry 1 120 NA NA EPSG:4326 FALSE
    ---
    > geometry 1 120 NA NA WGS 84 FALSE
     Running ‘area.R’ [1s/1s]
     Comparing ‘area.Rout’ to ‘area.Rout.save’ ...18,19c18,19
    < x 1 349 288776 28.5 PROJCS["UTM Zone 25, Sout... FALSE NULL [x]
    < y 1 352 9120761 -28.5 PROJCS["UTM Zone 25, Sout... FALSE NULL [y]
    ---
    > x 1 349 288776 28.5 UTM Zone 25, Southern Hem... FALSE NULL [x]
    > y 1 352 9120761 -28.5 UTM Zone 25, Southern Hem... FALSE NULL [y]
    57c57
    < [1] ""
    ---
    > [1] "/tmp/RtmpAhMJFm/RLIBS_13181fa468c5/starsdata/sentinel5p/S5P_NRTI_L2__NO2____20180717T120113_20180717T120613_03932_01_010002_20180717T125231.nc"
    67a68,85
    > /PRODUCT/longitude,
    > /PRODUCT/latitude,
    > /PRODUCT/SUPPORT_DATA/DETAILED_RESULTS/nitrogendioxide_summed_total_column,
    > stars object with 2 dimensions and 1 attribute
    > attribute(s):
    > area [m^2]
    > Min. : 25990150
    > 1st Qu.: 28050933
    > Median : 35705689
    > Mean : 42968454
    > 3rd Qu.: 54640139
    > Max. :101184840
    > dimension(s):
    > from to offset delta refsys point values
    > x 1 450 NA NA WGS 84 NA [450x278] -5.81066 [°],...,30.9468 [°] [x]
    > y 1 278 NA NA WGS 84 NA [450x278] 28.3605 [°],...,51.4686 [°] [y]
    > curvilinear grid
    > There were 15 warnings (use warnings() to see them)
     Running ‘crop.R’ [3s/4s]
     Comparing ‘crop.Rout’ to ‘crop.Rout.save’ ...25,26c25,26
    < x 158 268 288776 28.5 PROJCS["UTM Zone 25, Sout... FALSE NULL [x]
    < y 245 331 9120761 -28.5 PROJCS["UTM Zone 25, Sout... FALSE NULL [y]
    ---
    > x 158 268 288776 28.5 UTM Zone 25, Southern Hem... FALSE NULL [x]
    > y 245 331 9120761 -28.5 UTM Zone 25, Southern Hem... FALSE NULL [y]
     Running ‘curvilinear.R’ [1s/1s]
     Comparing ‘curvilinear.Rout’ to ‘curvilinear.Rout.save’ ...54a55,96
    > /PRODUCT/longitude,
    > /PRODUCT/latitude,
    > /PRODUCT/SUPPORT_DATA/DETAILED_RESULTS/nitrogendioxide_summed_total_column,
    > stars object with 3 dimensions and 1 attribute
    > attribute(s):
    > nitrogendioxide_summed_total_column
    > Min. :0e+00
    > 1st Qu.:1e-04
    > Median :1e-04
    > Mean :1e-04
    > 3rd Qu.:1e-04
    > Max. :5e-04
    > NA's :330
    > dimension(s):
    > from to offset delta refsys point values
    > x 1 450 NA NA WGS 84 NA [450x278] -5.81066 [°],...,30.9468 [°]
    > y 1 278 NA NA WGS 84 NA [450x278] 28.3605 [°],...,51.4686 [°]
    > time 1 1 NA NA NA NA NULL
    >
    > x [x]
    > y [y]
    > time
    > curvilinear grid
    > stars object with 3 dimensions and 1 attribute
    > attribute(s):
    > nitrogendioxide_summed_total_column
    > Min. :0.00005
    > 1st Qu.:0.00008
    > Median :0.00008
    > Mean :0.00009
    > 3rd Qu.:0.00009
    > Max. :0.00023
    > NA's :37
    > dimension(s):
    > from to offset delta refsys point values
    > x 1 57 NA NA WGS 84 NA [57x35] -5.81066 [°],...,30.8108 [°] [x]
    > y 1 35 NA NA WGS 84 NA [57x35] 28.6622 [°],...,51.4679 [°] [y]
    > time 1 1 NA NA NA NA NULL
    > curvilinear grid
    > null device
    > 1
    > There were 15 warnings (use warnings() to see them)
     Running ‘gridtypes.R’ [1s/1s]
     Comparing ‘gridtypes.Rout’ to ‘gridtypes.Rout.save’ ...291,292c291,292
    < lon 1 3 NA NA EPSG:4326 FALSE [3x3] 0.03,...,0.89 [x]
    < lat 1 3 NA NA EPSG:4326 FALSE [3x3] 0.021,...,0.89 [y]
    ---
    > lon 1 3 NA NA WGS 84 FALSE [3x3] 0.03,...,0.89 [x]
    > lat 1 3 NA NA WGS 84 FALSE [3x3] 0.021,...,0.89 [y]
     Running ‘nc.R’ [1s/2s]
     Comparing ‘nc.Rout’ to ‘nc.Rout.save’ ...6c6
    < Reading layer `nc.gpkg' from data source `/Volumes/Builds/packages/high-sierra-x86_64/Rlib/4.0/sf/gpkg/nc.gpkg' using driver `GPKG'
    ---
    > Reading layer `nc.gpkg' from data source `/home/edzer/R/x86_64-pc-linux-gnu-library/3.6/sf/gpkg/nc.gpkg' using driver `GPKG'
    11c11
    < CRS: 4267
    ---
    > geographic CRS: NAD27
    45c45
    < geometries 1 100 NA NA 4267 FALSE
    ---
    > geometries 1 100 NA NA NAD27 FALSE
    64c64
    < sfc 1 100 NA NA 4267 FALSE
    ---
    > sfc 1 100 NA NA NAD27 FALSE
    79c79
    < CRS: 4267
    ---
    > geographic CRS: NAD27
    118c118
    < sfc 1 100 NA NA 4267 FALSE
    ---
    > sfc 1 100 NA NA NAD27 FALSE
    136c136
    < sfc 1 100 NA NA 4267 FALSE
    ---
    > sfc 1 100 NA NA NAD27 FALSE
    155c155
    < sfc 1 100 NA NA 4267 FALSE
    ---
    > sfc 1 100 NA NA NAD27 FALSE
    174c174
    < sfc 1 100 NA NA 4267 FALSE
    ---
    > sfc 1 100 NA NA NAD27 FALSE
    197c197
    < sfc 1 100 NA NA 4267 FALSE
    ---
    > sfc 1 100 NA NA NAD27 FALSE
    214c214
    < sfc 1 100 NA NA 4267 FALSE
    ---
    > sfc 1 100 NA NA NAD27 FALSE
    222c222
    < User input: 4267
    ---
    > User input: NAD27
    224,228c224,227
    < GEOGCS["NAD27",
    < DATUM["North_American_Datum_1927",
    < SPHEROID["Clarke 1866",6378206.4,294.9786982138982,
    < AUTHORITY["EPSG","7008"]],
    < AUTHORITY["EPSG","6267"]],
    ---
    > GEOGCRS["NAD27",
    > DATUM["North American Datum 1927",
    > ELLIPSOID["Clarke 1866",6378206.4,294.978698213898,
    > LENGTHUNIT["metre",1]]],
    230,233c229,241
    < AUTHORITY["EPSG","8901"]],
    < UNIT["degree",0.0174532925199433,
    < AUTHORITY["EPSG","9122"]],
    < AUTHORITY["EPSG","4267"]]
    ---
    > ANGLEUNIT["degree",0.0174532925199433]],
    > CS[ellipsoidal,2],
    > AXIS["geodetic latitude (Lat)",north,
    > ORDER[1],
    > ANGLEUNIT["degree",0.0174532925199433]],
    > AXIS["geodetic longitude (Lon)",east,
    > ORDER[2],
    > ANGLEUNIT["degree",0.0174532925199433]],
    > USAGE[
    > SCOPE["unknown"],
    > AREA["North America - NAD27"],
    > BBOX[7.15,167.65,83.17,-47.74]],
    > ID["EPSG",4267]]
    250c258
    < sfc 1 100 NA NA 4267 FALSE
    ---
    > sfc 1 100 NA NA NAD27 FALSE
     Running ‘plot.R’ [2s/2s]
     Comparing ‘plot.Rout’ to ‘plot.Rout.save’ ... OK
     Running ‘predict.R’ [3s/4s]
     Comparing ‘predict.Rout’ to ‘predict.Rout.save’ ...18,19c18,19
    < x 1 349 288776 28.5 PROJCS["UTM Zone 25, Sout... FALSE NULL [x]
    < y 1 352 9120761 -28.5 PROJCS["UTM Zone 25, Sout... FALSE NULL [y]
    ---
    > x 1 349 288776 28.5 UTM Zone 25, Southern Hem... FALSE NULL [x]
    > y 1 352 9120761 -28.5 UTM Zone 25, Southern Hem... FALSE NULL [y]
    28c28
    < [1] "/Volumes/Builds/packages/high-sierra-x86_64/results/4.0/stars.Rcheck/stars/tif/L7_ETMs.tif"
    ---
    > [1] "/home/edzer/git/stars.Rcheck/stars/tif/L7_ETMs.tif"
    32,33c32,33
    < x 1 349 288776 28.5 PROJCS["UTM Zone 25, Sout... FALSE NULL [x]
    < y 1 352 9120761 -28.5 PROJCS["UTM Zone 25, Sout... FALSE NULL [y]
    ---
    > x 1 349 288776 28.5 UTM Zone 25, Southern Hem... FALSE NULL [x]
    > y 1 352 9120761 -28.5 UTM Zone 25, Southern Hem... FALSE NULL [y]
    38c38
    < [1] "/Volumes/Builds/packages/high-sierra-x86_64/results/4.0/stars.Rcheck/stars/tif/L7_ETMs.tif"
    ---
    > [1] "/home/edzer/git/stars.Rcheck/stars/tif/L7_ETMs.tif"
    42,43c42,43
    < x 1 349 288776 28.5 PROJCS["UTM Zone 25, Sout... FALSE NULL [x]
    < y 1 352 9120761 -28.5 PROJCS["UTM Zone 25, Sout... FALSE NULL [y]
    ---
    > x 1 349 288776 28.5 UTM Zone 25, Southern Hem... FALSE NULL [x]
    > y 1 352 9120761 -28.5 UTM Zone 25, Southern Hem... FALSE NULL [y]
    56c56
    < [1] "/Volumes/Builds/packages/high-sierra-x86_64/results/4.0/stars.Rcheck/stars/tif/L7_ETMs.tif"
    ---
    > [1] "/home/edzer/git/stars.Rcheck/stars/tif/L7_ETMs.tif"
    60,61c60,61
    < x 1 349 288776 28.5 PROJCS["UTM Zone 25, Sout... FALSE NULL
    < y 1 352 9120761 -28.5 PROJCS["UTM Zone 25, Sout... FALSE NULL
    ---
    > x 1 349 288776 28.5 UTM Zone 25, Southern Hem... FALSE NULL
    > y 1 352 9120761 -28.5 UTM Zone 25, Southern Hem... FALSE NULL
     Running ‘proxy.R’ [2s/3s]
     Comparing ‘proxy.Rout’ to ‘proxy.Rout.save’ ...10c10
    < [1] "/Volumes/Builds/packages/high-sierra-x86_64/results/4.0/stars.Rcheck/stars/tif/L7_ETMs.tif"
    ---
    > [1] "/home/edzer/git/stars.Rcheck/stars/tif/L7_ETMs.tif"
    14,15c14,15
    < x 1 349 288776 28.5 PROJCS["UTM Zone 25, Sout... FALSE NULL [x]
    < y 1 352 9120761 -28.5 PROJCS["UTM Zone 25, Sout... FALSE NULL [y]
    ---
    > x 1 349 288776 28.5 UTM Zone 25, Southern Hem... FALSE NULL [x]
    > y 1 352 9120761 -28.5 UTM Zone 25, Southern Hem... FALSE NULL [y]
    24c24
    < [1] "/Volumes/Builds/packages/high-sierra-x86_64/results/4.0/stars.Rcheck/stars/tif/L7_ETMs.tif"
    ---
    > [1] "/home/edzer/git/stars.Rcheck/stars/tif/L7_ETMs.tif"
    28,29c28,29
    < x 1 349 288776 28.5 PROJCS["UTM Zone 25, Sout... FALSE NULL [x]
    < y 1 352 9120761 -28.5 PROJCS["UTM Zone 25, Sout... FALSE NULL [y]
    ---
    > x 1 349 288776 28.5 UTM Zone 25, Southern Hem... FALSE NULL [x]
    > y 1 352 9120761 -28.5 UTM Zone 25, Southern Hem... FALSE NULL [y]
    38c38
    < [1] "/Volumes/Builds/packages/high-sierra-x86_64/results/4.0/stars.Rcheck/stars/tif/L7_ETMs.tif"
    ---
    > [1] "/home/edzer/git/stars.Rcheck/stars/tif/L7_ETMs.tif"
    42,43c42,43
    < x 1 349 288776 28.5 PROJCS["UTM Zone 25, Sout... FALSE NULL [x]
    < y 1 352 9120761 -28.5 PROJCS["UTM Zone 25, Sout... FALSE NULL [y]
    ---
    > x 1 349 288776 28.5 UTM Zone 25, Southern Hem... FALSE NULL [x]
    > y 1 352 9120761 -28.5 UTM Zone 25, Southern Hem... FALSE NULL [y]
    61,62c61,62
    < x 1 116 288776 85.7457 PROJCS["UTM Zone 25, Sout... FALSE NULL [x]
    < y 1 117 9120761 -85.7436 PROJCS["UTM Zone 25, Sout... FALSE NULL [y]
    ---
    > x 1 116 288776 85.7457 UTM Zone 25, Southern Hem... FALSE NULL [x]
    > y 1 117 9120761 -85.7436 UTM Zone 25, Southern Hem... FALSE NULL [y]
    67c67
    < [1] "/Volumes/Builds/packages/high-sierra-x86_64/results/4.0/stars.Rcheck/stars/tif/L7_ETMs.tif"
    ---
    > [1] "/home/edzer/git/stars.Rcheck/stars/tif/L7_ETMs.tif"
    71,72c71,72
    < x 1 349 288776 28.5 PROJCS["UTM Zone 25, Sout... FALSE NULL [x]
    < y 1 352 9120761 -28.5 PROJCS["UTM Zone 25, Sout... FALSE NULL [y]
    ---
    > x 1 349 288776 28.5 UTM Zone 25, Southern Hem... FALSE NULL [x]
    > y 1 352 9120761 -28.5 UTM Zone 25, Southern Hem... FALSE NULL [y]
    82c82
    < [1] "/Volumes/Builds/packages/high-sierra-x86_64/results/4.0/stars.Rcheck/stars/tif/L7_ETMs.tif"
    ---
    > [1] "/home/edzer/git/stars.Rcheck/stars/tif/L7_ETMs.tif"
    85c85
    < [1] "/Volumes/Builds/packages/high-sierra-x86_64/results/4.0/stars.Rcheck/stars/tif/L7_ETMs.tif"
    ---
    > [1] "/home/edzer/git/stars.Rcheck/stars/tif/L7_ETMs.tif"
    89,90c89,90
    < x 1 349 288776 28.5 PROJCS["UTM Zone 25, Sout... FALSE NULL [x]
    < y 1 352 9120761 -28.5 PROJCS["UTM Zone 25, Sout... FALSE NULL [y]
    ---
    > x 1 349 288776 28.5 UTM Zone 25, Southern Hem... FALSE NULL [x]
    > y 1 352 9120761 -28.5 UTM Zone 25, Southern Hem... FALSE NULL [y]
    96c96
    < "/Volumes/Builds/packages/high-sierra-x86_64/results/4.0/stars.Rcheck/stars/tif/L7_ETMs.tif"
    ---
    > "/home/edzer/git/stars.Rcheck/stars/tif/L7_ETMs.tif"
    98c98
    < "/Volumes/Builds/packages/high-sierra-x86_64/results/4.0/stars.Rcheck/stars/tif/L7_ETMs.tif"
    ---
    > "/home/edzer/git/stars.Rcheck/stars/tif/L7_ETMs.tif"
    102,103c102,103
    < x 1 349 288776 28.5 PROJCS["UTM Zone 25, Sout... FALSE
    < y 1 352 9120761 -28.5 PROJCS["UTM Zone 25, Sout... FALSE
    ---
    > x 1 349 288776 28.5 UTM Zone 25, Southern Hem... FALSE
    > y 1 352 9120761 -28.5 UTM Zone 25, Southern Hem... FALSE
    123,124c123,124
    < x 1 349 288776 28.5 PROJCS["UTM Zone 25, Sout... FALSE NULL [x]
    < y 1 352 9120761 -28.5 PROJCS["UTM Zone 25, Sout... FALSE NULL [y]
    ---
    > x 1 349 288776 28.5 UTM Zone 25, Southern Hem... FALSE NULL [x]
    > y 1 352 9120761 -28.5 UTM Zone 25, Southern Hem... FALSE NULL [y]
    129c129
    < [1] "/Volumes/Builds/packages/high-sierra-x86_64/results/4.0/stars.Rcheck/stars/tif/L7_ETMs.tif"
    ---
    > [1] "/home/edzer/git/stars.Rcheck/stars/tif/L7_ETMs.tif"
    133,134c133,134
    < x 1 349 288776 28.5 PROJCS["UTM Zone 25, Sout... FALSE NULL [x]
    < y 1 352 9120761 -28.5 PROJCS["UTM Zone 25, Sout... FALSE NULL [y]
    ---
    > x 1 349 288776 28.5 UTM Zone 25, Southern Hem... FALSE NULL [x]
    > y 1 352 9120761 -28.5 UTM Zone 25, Southern Hem... FALSE NULL [y]
    152,153c152,153
    < x 1 174 288776 57.1638 PROJCS["UTM Zone 25, Sout... FALSE NULL [x]
    < y 1 176 9120761 -57 PROJCS["UTM Zone 25, Sout... FALSE NULL [y]
    ---
    > x 1 174 288776 57.1638 UTM Zone 25, Southern Hem... FALSE NULL [x]
    > y 1 176 9120761 -57 UTM Zone 25, Southern Hem... FALSE NULL [y]
    157c157
    < [1] "/Volumes/Builds/packages/high-sierra-x86_64/results/4.0/stars.Rcheck/stars/tif/L7_ETMs.tif"
    ---
    > [1] "/home/edzer/git/stars.Rcheck/stars/tif/L7_ETMs.tif"
    161,162c161,162
    < x 1 349 288776 28.5 PROJCS["UTM Zone 25, Sout... FALSE NULL [x]
    < y 1 352 9120761 -28.5 PROJCS["UTM Zone 25, Sout... FALSE NULL [y]
    ---
    > x 1 349 288776 28.5 UTM Zone 25, Southern Hem... FALSE NULL [x]
    > y 1 352 9120761 -28.5 UTM Zone 25, Southern Hem... FALSE NULL [y]
    183,184c183,184
    < x 1 174 288776 57.1638 PROJCS["UTM Zone 25, Sout... FALSE NULL [x]
    < y 1 176 9120761 -57 PROJCS["UTM Zone 25, Sout... FALSE NULL [y]
    ---
    > x 1 174 288776 57.1638 UTM Zone 25, Southern Hem... FALSE NULL [x]
    > y 1 176 9120761 -57 UTM Zone 25, Southern Hem... FALSE NULL [y]
    189c189
    < [1] "/Volumes/Builds/packages/high-sierra-x86_64/results/4.0/stars.Rcheck/stars/tif/L7_ETMs.tif"
    ---
    > [1] "/home/edzer/git/stars.Rcheck/stars/tif/L7_ETMs.tif"
    193,194c193,194
    < x 1 349 288776 28.5 PROJCS["UTM Zone 25, Sout... FALSE NULL [x]
    < y 1 352 9120761 -28.5 PROJCS["UTM Zone 25, Sout... FALSE NULL [y]
    ---
    > x 1 349 288776 28.5 UTM Zone 25, Southern Hem... FALSE NULL [x]
    > y 1 352 9120761 -28.5 UTM Zone 25, Southern Hem... FALSE NULL [y]
    215c215
    < x 1 174 288776 57.1638 PROJCS["UTM Zone 25, Sout... FALSE NULL
    ---
    > x 1 174 288776 57.1638 UTM Zone 25, Southern Hem... FALSE NULL
    225c225
    < [1] "/Volumes/Builds/packages/high-sierra-x86_64/results/4.0/stars.Rcheck/stars/tif/L7_ETMs.tif"
    ---
    > [1] "/home/edzer/git/stars.Rcheck/stars/tif/L7_ETMs.tif"
    228c228
    < [1] "/Volumes/Builds/packages/high-sierra-x86_64/results/4.0/stars.Rcheck/stars/tif/L7_ETMs.tif"
    ---
    > [1] "/home/edzer/git/stars.Rcheck/stars/tif/L7_ETMs.tif"
    232,233c232,233
    < x 1 349 288776 28.5 PROJCS["UTM Zone 25, Sout... FALSE NULL [x]
    < y 1 352 9120761 -28.5 PROJCS["UTM Zone 25, Sout... FALSE NULL [y]
    ---
    > x 1 349 288776 28.5 UTM Zone 25, Southern Hem... FALSE NULL [x]
    > y 1 352 9120761 -28.5 UTM Zone 25, Southern Hem... FALSE NULL [y]
    239c239
    < [1] "/Volumes/Builds/packages/high-sierra-x86_64/results/4.0/stars.Rcheck/stars/tif/L7_ETMs.tif"
    ---
    > [1] "/home/edzer/git/stars.Rcheck/stars/tif/L7_ETMs.tif"
    243,244c243,244
    < x 1 349 288776 28.5 PROJCS["UTM Zone 25, Sout... FALSE NULL [x]
    < y 1 352 9120761 -28.5 PROJCS["UTM Zone 25, Sout... FALSE NULL [y]
    ---
    > x 1 349 288776 28.5 UTM Zone 25, Southern Hem... FALSE NULL [x]
    > y 1 352 9120761 -28.5 UTM Zone 25, Southern Hem... FALSE NULL [y]
    283a284,397
    > sst, anom,
    > sst, anom,
    > sst, anom,
    > sst, anom,
    > sst, anom,
    > sst, anom,
    > sst, anom,
    > sst, anom,
    > sst, anom,
    > stars_proxy object with 2 attributes in files:
    > $sst
    > avhrr-only-v2.19810901.nc
    > "NETCDF:\"/home/edzer/R/x86_64-pc-linux-gnu-library/3.6/starsdata/netcdf/avhrr-only-v2.19810901.nc\":sst"
    > avhrr-only-v2.19810902.nc
    > "NETCDF:\"/home/edzer/R/x86_64-pc-linux-gnu-library/3.6/starsdata/netcdf/avhrr-only-v2.19810902.nc\":sst"
    > avhrr-only-v2.19810903.nc
    > "NETCDF:\"/home/edzer/R/x86_64-pc-linux-gnu-library/3.6/starsdata/netcdf/avhrr-only-v2.19810903.nc\":sst"
    > avhrr-only-v2.19810904.nc
    > "NETCDF:\"/home/edzer/R/x86_64-pc-linux-gnu-library/3.6/starsdata/netcdf/avhrr-only-v2.19810904.nc\":sst"
    > avhrr-only-v2.19810905.nc
    > "NETCDF:\"/home/edzer/R/x86_64-pc-linux-gnu-library/3.6/starsdata/netcdf/avhrr-only-v2.19810905.nc\":sst"
    > avhrr-only-v2.19810906.nc
    > "NETCDF:\"/home/edzer/R/x86_64-pc-linux-gnu-library/3.6/starsdata/netcdf/avhrr-only-v2.19810906.nc\":sst"
    > avhrr-only-v2.19810907.nc
    > "NETCDF:\"/home/edzer/R/x86_64-pc-linux-gnu-library/3.6/starsdata/netcdf/avhrr-only-v2.19810907.nc\":sst"
    > avhrr-only-v2.19810908.nc
    > "NETCDF:\"/home/edzer/R/x86_64-pc-linux-gnu-library/3.6/starsdata/netcdf/avhrr-only-v2.19810908.nc\":sst"
    > avhrr-only-v2.19810909.nc
    > "NETCDF:\"/home/edzer/R/x86_64-pc-linux-gnu-library/3.6/starsdata/netcdf/avhrr-only-v2.19810909.nc\":sst"
    >
    > $anom
    > avhrr-only-v2.19810901.nc
    > "NETCDF:\"/home/edzer/R/x86_64-pc-linux-gnu-library/3.6/starsdata/netcdf/avhrr-only-v2.19810901.nc\":anom"
    > avhrr-only-v2.19810902.nc
    > "NETCDF:\"/home/edzer/R/x86_64-pc-linux-gnu-library/3.6/starsdata/netcdf/avhrr-only-v2.19810902.nc\":anom"
    > avhrr-only-v2.19810903.nc
    > "NETCDF:\"/home/edzer/R/x86_64-pc-linux-gnu-library/3.6/starsdata/netcdf/avhrr-only-v2.19810903.nc\":anom"
    > avhrr-only-v2.19810904.nc
    > "NETCDF:\"/home/edzer/R/x86_64-pc-linux-gnu-library/3.6/starsdata/netcdf/avhrr-only-v2.19810904.nc\":anom"
    > avhrr-only-v2.19810905.nc
    > "NETCDF:\"/home/edzer/R/x86_64-pc-linux-gnu-library/3.6/starsdata/netcdf/avhrr-only-v2.19810905.nc\":anom"
    > avhrr-only-v2.19810906.nc
    > "NETCDF:\"/home/edzer/R/x86_64-pc-linux-gnu-library/3.6/starsdata/netcdf/avhrr-only-v2.19810906.nc\":anom"
    > avhrr-only-v2.19810907.nc
    > "NETCDF:\"/home/edzer/R/x86_64-pc-linux-gnu-library/3.6/starsdata/netcdf/avhrr-only-v2.19810907.nc\":anom"
    > avhrr-only-v2.19810908.nc
    > "NETCDF:\"/home/edzer/R/x86_64-pc-linux-gnu-library/3.6/starsdata/netcdf/avhrr-only-v2.19810908.nc\":anom"
    > avhrr-only-v2.19810909.nc
    > "NETCDF:\"/home/edzer/R/x86_64-pc-linux-gnu-library/3.6/starsdata/netcdf/avhrr-only-v2.19810909.nc\":anom"
    >
    > dimension(s):
    > from to offset delta refsys point values
    > x 1 1440 0 0.25 NA NA NULL [x]
    > y 1 720 90 -0.25 NA NA NULL [y]
    > zlev 1 1 0 [m] NA NA NA NULL
    > time 1 9 1981-09-01 UTC 1 days POSIXct NA NULL
    > sst, anom,
    > sst, anom,
    > sst, anom,
    > sst, anom,
    > sst, anom,
    > sst, anom,
    > sst, anom,
    > sst, anom,
    > sst, anom,
    > stars object with 4 dimensions and 2 attributes
    > attribute(s), summary of first 1e+05 cells:
    > sst [C*°] anom [C*°]
    > Min. :-1.80 Min. :-4.69
    > 1st Qu.:-1.19 1st Qu.:-0.06
    > Median :-1.05 Median : 0.52
    > Mean :-0.32 Mean : 0.23
    > 3rd Qu.:-0.20 3rd Qu.: 0.71
    > Max. : 9.36 Max. : 3.70
    > NA's :13360 NA's :13360
    > dimension(s):
    > from to offset delta refsys point values
    > x 1 1440 0 0.25 NA NA NULL [x]
    > y 1 720 90 -0.25 NA NA NULL [y]
    > zlev 1 1 0 [m] NA NA NA NULL
    > time 1 9 1981-09-01 UTC 1 days POSIXct NA NULL
    > stars object with 5 dimensions and 1 attribute
    > attribute(s), summary of first 1e+05 cells:
    > sst.anom
    > Min. :-1.80
    > 1st Qu.:-1.19
    > Median :-1.05
    > Mean :-0.32
    > 3rd Qu.:-0.20
    > Max. : 9.36
    > NA's :13360
    > dimension(s):
    > from to offset delta refsys point values
    > x 1 1440 0 0.25 NA NA NULL [x]
    > y 1 720 90 -0.25 NA NA NULL [y]
    > zlev 1 1 0 [m] NA NA NA NULL
    > time 1 9 1981-09-01 UTC 1 days POSIXct NA NULL
    > new_dim 1 2 NA NA NA NA sst , anom
    > Error in c.stars_proxy(l[[1]], l[[2]], l[[3]], along = list(times = as.Date("1981-09-01") + :
    > for proxy objects, along argument as list is not implemented
    > stars_proxy object with 1 attribute in files:
    > $sst.anom
    > sst
    > "NETCDF:\"/home/edzer/R/x86_64-pc-linux-gnu-library/3.6/starsdata/netcdf/avhrr-only-v2.19810901.nc\":sst"
    > anom
    > "NETCDF:\"/home/edzer/R/x86_64-pc-linux-gnu-library/3.6/starsdata/netcdf/avhrr-only-v2.19810901.nc\":anom"
    >
    > dimension(s):
    > from to offset delta refsys point values
    > x 1 1440 0 0.25 NA NA NULL [x]
    > y 1 720 90 -0.25 NA NA NULL [y]
    > zlev 1 1 0 [m] NA NA NA NULL
    > time 1 1 1981-09-01 UTC NA POSIXct NA NULL
    > times 1 2 1981-09-01 1 days Date NA NULL
     Running ‘raster.R’ [3s/4s]
     Comparing ‘raster.Rout’ to ‘raster.Rout.save’ ...18,19c18,19
    < x 1 349 288776 28.5 PROJCS["UTM Zone 25, Sout... FALSE NULL [x]
    < y 1 352 9120761 -28.5 PROJCS["UTM Zone 25, Sout... FALSE NULL [y]
    ---
    > x 1 349 288776 28.5 UTM Zone 25, Southern Hem... FALSE NULL [x]
    > y 1 352 9120761 -28.5 UTM Zone 25, Southern Hem... FALSE NULL [y]
     Running ‘rasterize.R’ [1s/2s]
     Comparing ‘rasterize.Rout’ to ‘rasterize.Rout.save’ ...5c5
    < Reading layer `nc.gpkg' from data source `/Volumes/Builds/packages/high-sierra-x86_64/Rlib/4.0/sf/gpkg/nc.gpkg' using driver `GPKG'
    ---
    > Reading layer `nc.gpkg' from data source `/home/edzer/R/x86_64-pc-linux-gnu-library/3.6/sf/gpkg/nc.gpkg' using driver `GPKG'
    11c11
    < CRS: 4267
    ---
    > geographic CRS: NAD27
    25,26c25,26
    < x 1 461 -84.3239 0.0192484 GEOGCS["NAD27",DATUM["Nor... FALSE NULL [x]
    < y 1 141 36.5896 -0.0192484 GEOGCS["NAD27",DATUM["Nor... FALSE NULL [y]
    ---
    > x 1 461 -84.3239 0.0192484 NAD27 FALSE NULL [x]
    > y 1 141 36.5896 -0.0192484 NAD27 FALSE NULL [y]
    42,43c42,43
    < x 1 100 -84.3239 0.0886687 GEOGCS["NAD27",DATUM["Nor... FALSE NULL [x]
    < y 1 50 36.5896 -0.0541531 GEOGCS["NAD27",DATUM["Nor... FALSE NULL [y]
    ---
    > x 1 100 -84.3239 0.0886687 NAD27 FALSE NULL [x]
    > y 1 50 36.5896 -0.0541531 NAD27 FALSE NULL [y]
    75c75
    < "2.4.2"
    ---
    > "3.0.2"
     Running ‘rectilinear.R’ [1s/2s]
     Comparing ‘rectilinear.Rout’ to ‘rectilinear.Rout.save’ ...18,19c18,19
    < x 1 348 NA NA PROJCS["UTM Zone 25, Sout... FALSE
    < y 1 351 NA NA PROJCS["UTM Zone 25, Sout... FALSE
    ---
    > x 1 348 NA NA UTM Zone 25, Southern Hem... FALSE
    > y 1 351 NA NA UTM Zone 25, Southern Hem... FALSE
     Running ‘redimension.R’ [2s/3s]
     Comparing ‘redimension.Rout’ to ‘redimension.Rout.save’ ...10c10
    < "/Volumes/Builds/packages/high-sierra-x86_64/results/4.0/stars.Rcheck/stars/tif/L7_ETMs.tif"
    ---
    > "/home/edzer/git/stars.Rcheck/stars/tif/L7_ETMs.tif"
    12c12
    < "/Volumes/Builds/packages/high-sierra-x86_64/results/4.0/stars.Rcheck/stars/tif/L7_ETMs.tif"
    ---
    > "/home/edzer/git/stars.Rcheck/stars/tif/L7_ETMs.tif"
    14c14
    < "/Volumes/Builds/packages/high-sierra-x86_64/results/4.0/stars.Rcheck/stars/tif/L7_ETMs.tif"
    ---
    > "/home/edzer/git/stars.Rcheck/stars/tif/L7_ETMs.tif"
    16c16
    < "/Volumes/Builds/packages/high-sierra-x86_64/results/4.0/stars.Rcheck/stars/tif/L7_ETMs.tif"
    ---
    > "/home/edzer/git/stars.Rcheck/stars/tif/L7_ETMs.tif"
    20,21c20,21
    < x 1 349 288776 28.5 PROJCS["UTM Zone 25, Sout... FALSE NULL [x]
    < y 1 352 9120761 -28.5 PROJCS["UTM Zone 25, Sout... FALSE NULL [y]
    ---
    > x 1 349 288776 28.5 UTM Zone 25, Southern Hem... FALSE NULL [x]
    > y 1 352 9120761 -28.5 UTM Zone 25, Southern Hem... FALSE NULL [y]
    28c28
    < "/Volumes/Builds/packages/high-sierra-x86_64/results/4.0/stars.Rcheck/stars/tif/L7_ETMs.tif"
    ---
    > "/home/edzer/git/stars.Rcheck/stars/tif/L7_ETMs.tif"
    30c30
    < "/Volumes/Builds/packages/high-sierra-x86_64/results/4.0/stars.Rcheck/stars/tif/L7_ETMs.tif"
    ---
    > "/home/edzer/git/stars.Rcheck/stars/tif/L7_ETMs.tif"
    32c32
    < "/Volumes/Builds/packages/high-sierra-x86_64/results/4.0/stars.Rcheck/stars/tif/L7_ETMs.tif"
    ---
    > "/home/edzer/git/stars.Rcheck/stars/tif/L7_ETMs.tif"
    34c34
    < "/Volumes/Builds/packages/high-sierra-x86_64/results/4.0/stars.Rcheck/stars/tif/L7_ETMs.tif"
    ---
    > "/home/edzer/git/stars.Rcheck/stars/tif/L7_ETMs.tif"
    38c38
    < "/Volumes/Builds/packages/high-sierra-x86_64/results/4.0/stars.Rcheck/stars/tif/L7_ETMs.tif"
    ---
    > "/home/edzer/git/stars.Rcheck/stars/tif/L7_ETMs.tif"
    40c40
    < "/Volumes/Builds/packages/high-sierra-x86_64/results/4.0/stars.Rcheck/stars/tif/L7_ETMs.tif"
    ---
    > "/home/edzer/git/stars.Rcheck/stars/tif/L7_ETMs.tif"
    42c42
    < "/Volumes/Builds/packages/high-sierra-x86_64/results/4.0/stars.Rcheck/stars/tif/L7_ETMs.tif"
    ---
    > "/home/edzer/git/stars.Rcheck/stars/tif/L7_ETMs.tif"
    44c44
    < "/Volumes/Builds/packages/high-sierra-x86_64/results/4.0/stars.Rcheck/stars/tif/L7_ETMs.tif"
    ---
    > "/home/edzer/git/stars.Rcheck/stars/tif/L7_ETMs.tif"
    48,49c48,49
    < x 1 349 288776 28.5 PROJCS["UTM Zone 25, Sout... FALSE NULL [x]
    < y 1 352 9120761 -28.5 PROJCS["UTM Zone 25, Sout... FALSE NULL [y]
    ---
    > x 1 349 288776 28.5 UTM Zone 25, Southern Hem... FALSE NULL [x]
    > y 1 352 9120761 -28.5 UTM Zone 25, Southern Hem... FALSE NULL [y]
    71,72c71,72
    < x 1 349 288776 28.5 PROJCS["UTM Zone 25, Sout... FALSE NULL [x]
    < y 1 352 9120761 -28.5 PROJCS["UTM Zone 25, Sout... FALSE NULL [y]
    ---
    > x 1 349 288776 28.5 UTM Zone 25, Southern Hem... FALSE NULL [x]
    > y 1 352 9120761 -28.5 UTM Zone 25, Southern Hem... FALSE NULL [y]
    79c79
    < "/Volumes/Builds/packages/high-sierra-x86_64/results/4.0/stars.Rcheck/stars/tif/L7_ETMs.tif"
    ---
    > "/home/edzer/git/stars.Rcheck/stars/tif/L7_ETMs.tif"
    81c81
    < "/Volumes/Builds/packages/high-sierra-x86_64/results/4.0/stars.Rcheck/stars/tif/L7_ETMs.tif"
    ---
    > "/home/edzer/git/stars.Rcheck/stars/tif/L7_ETMs.tif"
    83c83
    < "/Volumes/Builds/packages/high-sierra-x86_64/results/4.0/stars.Rcheck/stars/tif/L7_ETMs.tif"
    ---
    > "/home/edzer/git/stars.Rcheck/stars/tif/L7_ETMs.tif"
    85c85
    < "/Volumes/Builds/packages/high-sierra-x86_64/results/4.0/stars.Rcheck/stars/tif/L7_ETMs.tif"
    ---
    > "/home/edzer/git/stars.Rcheck/stars/tif/L7_ETMs.tif"
    87c87
    < "/Volumes/Builds/packages/high-sierra-x86_64/results/4.0/stars.Rcheck/stars/tif/L7_ETMs.tif"
    ---
    > "/home/edzer/git/stars.Rcheck/stars/tif/L7_ETMs.tif"
    89c89
    < "/Volumes/Builds/packages/high-sierra-x86_64/results/4.0/stars.Rcheck/stars/tif/L7_ETMs.tif"
    ---
    > "/home/edzer/git/stars.Rcheck/stars/tif/L7_ETMs.tif"
    91c91
    < "/Volumes/Builds/packages/high-sierra-x86_64/results/4.0/stars.Rcheck/stars/tif/L7_ETMs.tif"
    ---
    > "/home/edzer/git/stars.Rcheck/stars/tif/L7_ETMs.tif"
    93c93
    < "/Volumes/Builds/packages/high-sierra-x86_64/results/4.0/stars.Rcheck/stars/tif/L7_ETMs.tif"
    ---
    > "/home/edzer/git/stars.Rcheck/stars/tif/L7_ETMs.tif"
    97,98c97,98
    < x 1 349 288776 28.5 PROJCS["UTM Zone 25, Sout... FALSE NULL [x]
    < y 1 352 9120761 -28.5 PROJCS["UTM Zone 25, Sout... FALSE NULL [y]
    ---
    > x 1 349 288776 28.5 UTM Zone 25, Southern Hem... FALSE NULL [x]
    > y 1 352 9120761 -28.5 UTM Zone 25, Southern Hem... FALSE NULL [y]
    114,115c114,115
    < x 1 349 288776 28.5 PROJCS["UTM Zone 25, Sout... FALSE NULL [x]
    < y 1 352 9120761 -28.5 PROJCS["UTM Zone 25, Sout... FALSE NULL [y]
    ---
    > x 1 349 288776 28.5 UTM Zone 25, Southern Hem... FALSE NULL [x]
    > y 1 352 9120761 -28.5 UTM Zone 25, Southern Hem... FALSE NULL [y]
    131,132c131,132
    < x 1 349 288776 28.5 PROJCS["UTM Zone 25, Sout... FALSE NULL [x]
    < y 1 352 9120761 -28.5 PROJCS["UTM Zone 25, Sout... FALSE NULL [y]
    ---
    > x 1 349 288776 28.5 UTM Zone 25, Southern Hem... FALSE NULL [x]
    > y 1 352 9120761 -28.5 UTM Zone 25, Southern Hem... FALSE NULL [y]
    146,147c146,147
    < y 1 352 9120761 -28.5 PROJCS["UTM Zone 25, Sout... FALSE NULL [y]
    < x 1 349 288776 28.5 PROJCS["UTM Zone 25, Sout... FALSE NULL [x]
    ---
    > y 1 352 9120761 -28.5 UTM Zone 25, Southern Hem... FALSE NULL [y]
    > x 1 349 288776 28.5 UTM Zone 25, Southern Hem... FALSE NULL [x]
     Running ‘sf.R’ [1s/2s]
     Comparing ‘sf.Rout’ to ‘sf.Rout.save’ ...21,22c21,22
    < x 1 20 288776 28.5 PROJCS["UTM Zone 25, Sout... FALSE NULL [x]
    < y 1 20 9120761 -28.5 PROJCS["UTM Zone 25, Sout... FALSE NULL [y]
    ---
    > x 1 20 288776 28.5 UTM Zone 25, Southern Hem... FALSE NULL [x]
    > y 1 20 9120761 -28.5 UTM Zone 25, Southern Hem... FALSE NULL [y]
    34c34
    < CRS: PROJCS["UTM Zone 25, Southern Hemisphere",GEOGCS["GRS 1980(IUGG, 1980)",DATUM["unknown",SPHEROID["GRS80",6378137,298.257222101],TOWGS84[0,0,0,0,0,0,0]],PRIMEM["Greenwich",0],UNIT["degree",0.0174532925199433]],PROJECTION["Transverse_Mercator"],PARAMETER["latitude_of_origin",0],PARAMETER["central_meridian",-33],PARAMETER["scale_factor",0.9996],PARAMETER["false_easting",500000],PARAMETER["false_northing",10000000],UNIT["metre",1,AUTHORITY["EPSG","9001"]]]
    ---
    > projected CRS: UTM Zone 25, Southern Hemisphere
    47c47
    < CRS: PROJCS["UTM Zone 25, Southern Hemisphere",GEOGCS["GRS 1980(IUGG, 1980)",DATUM["unknown",SPHEROID["GRS80",6378137,298.257222101],TOWGS84[0,0,0,0,0,0,0]],PRIMEM["Greenwich",0],UNIT["degree",0.0174532925199433]],PROJECTION["Transverse_Mercator"],PARAMETER["latitude_of_origin",0],PARAMETER["central_meridian",-33],PARAMETER["scale_factor",0.9996],PARAMETER["false_easting",500000],PARAMETER["false_northing",10000000],UNIT["metre",1,AUTHORITY["EPSG","9001"]]]
    ---
    > projected CRS: UTM Zone 25, Southern Hemisphere
     Running ‘sp.R’ [1s/2s]
     Comparing ‘sp.Rout’ to ‘sp.Rout.save’ ... OK
     Running ‘spacetime.R’ [2s/3s]
     Comparing ‘spacetime.Rout’ to ‘spacetime.Rout.save’ ...237,238c237,238
    < [1] "ID 1" "ID 2" "ID 3" "ID 4" "ID 5" "ID 6" "ID 7" "ID 8" "ID 9"
    < [10] "ID 10" "ID 11" "ID 12"
    ---
    > [1] ID 1 ID 2 ID 3 ID 4 ID 5 ID 6 ID 7 ID 8 ID 9 ID 10 ID 11 ID 12
    > Levels: ID 1 ID 10 ID 11 ID 12 ID 2 ID 3 ID 4 ID 5 ID 6 ID 7 ID 8 ID 9
    287c287,292
    < [1] TRUE
    ---
    > [1] "Attributes: < Component \"data\": Component \"ID\": Modes: character, numeric >"
    > [2] "Attributes: < Component \"data\": Component \"ID\": Attributes: < target is NULL, current is list > >"
    > [3] "Attributes: < Component \"data\": Component \"ID\": target is character, current is factor >"
    > [4] "Attributes: < Component \"data\": Component \"NewID\": Modes: character, numeric >"
    > [5] "Attributes: < Component \"data\": Component \"NewID\": Attributes: < target is NULL, current is list > >"
    > [6] "Attributes: < Component \"data\": Component \"NewID\": target is character, current is factor >"
     Running ‘spatstat.R’ [2s/4s]
     Comparing ‘spatstat.Rout’ to ‘spatstat.Rout.save’ ... OK
     Running ‘stars.R’ [4s/5s]
    Running the tests in ‘tests/stars.R’ failed.
    Last 13 lines of output:
     4 1841004 1143985
     5 1841006 1143980
     6 1841008 1143975
     7 1841009 1143970
     8 1841010 1143965
     9 1841012 1143960
     10 1841014 1143955
     >
     > nc = system.file("nc/tos_O1_2001-2002.nc", package = "stars")
     > (x = read_stars(nc))
     trying to read file: /Volumes/Builds/packages/high-sierra-x86_64/results/4.0/stars.Rcheck/stars/nc/tos_O1_2001-2002.nc
     Error in CPL_read_gdal(as.character(x), as.character(options), as.character(driver), :
     file not found
     Calls: read_stars -> <Anonymous> -> CPL_read_gdal
     Execution halted
Flavor: r-release-osx-x86_64