CRAN Package Check Results for Package stocks

Last updated on 2020-07-13 19:48:51 CEST.

Flavor Version Tinstall Tcheck Ttotal Status Flags
r-devel-linux-x86_64-debian-clang 1.1.4 63.33 143.43 206.76 OK
r-devel-linux-x86_64-debian-gcc 1.1.4 51.58 108.41 159.99 OK
r-devel-linux-x86_64-fedora-clang 1.1.4 272.08 OK
r-devel-linux-x86_64-fedora-gcc 1.1.4 266.43 OK
r-devel-windows-ix86+x86_64 1.1.4 135.00 219.00 354.00 OK
r-patched-linux-x86_64 1.1.4 41.14 140.07 181.21 OK
r-patched-solaris-x86 1.1.4 314.90 OK
r-release-linux-x86_64 1.1.4 45.94 139.56 185.50 OK
r-release-macos-x86_64 1.1.4 ERROR
r-release-windows-ix86+x86_64 1.1.4 186.00 211.00 397.00 OK
r-oldrel-macos-x86_64 1.1.4 OK
r-oldrel-windows-ix86+x86_64 1.1.4 129.00 187.00 316.00 OK

Check Details

Version: 1.1.4
Check: whether package can be installed
Result: ERROR
    Installation failed.
Flavor: r-release-macos-x86_64