CRAN Package Check Results for Package svyPVpack

Last updated on 2020-02-24 03:46:50 CET.

Flavor Version Tinstall Tcheck Ttotal Status Flags
r-devel-linux-x86_64-debian-clang 0.1-1 9.07 79.26 88.33 NOTE
r-devel-linux-x86_64-debian-gcc 0.1-1 NOTE
r-devel-linux-x86_64-fedora-clang 0.1-1 113.10 NOTE
r-devel-linux-x86_64-fedora-gcc 0.1-1 105.61 NOTE
r-devel-windows-ix86+x86_64 0.1-1 18.00 87.00 105.00 NOTE
r-devel-windows-ix86+x86_64-gcc8 0.1-1 23.00 84.00 107.00 NOTE
r-patched-linux-x86_64 0.1-1 NOTE
r-patched-solaris-x86 0.1-1 144.90 NOTE
r-release-linux-x86_64 0.1-1 7.07 68.28 75.35 NOTE
r-release-windows-ix86+x86_64 0.1-1 14.00 82.00 96.00 NOTE
r-release-osx-x86_64 0.1-1 NOTE
r-oldrel-windows-ix86+x86_64 0.1-1 10.00 83.00 93.00 NOTE
r-oldrel-osx-x86_64 0.1-1 NOTE

Check Details

Version: 0.1-1
Check: R code for possible problems
Result: NOTE
    additional_comp: no visible global function definition for 'aggregate'
    additional_compPV : <anonymous>: no visible global function definition
     for 'aggregate'
    cor.aux.func : <anonymous>: no visible global function definition for
     'cov.wt'
    eta.func : <anonymous>: no visible global function definition for 'lm'
    eta.func : <anonymous>: no visible global function definition for
     'anova'
    glm.dummy.no.std: no visible global function definition for
     'as.formula'
    pv_by: no visible binding for global variable 'var'
    pv_perc: no visible binding for global variable 'var'
    pv_quantile: no visible binding for global variable 'var'
    svyPVcor: no visible global function definition for 'update'
    svyPVcor: no visible global function definition for 'var'
    svyPVeta: no visible global function definition for 'update'
    svyPVeta: no visible global function definition for 'var'
    svyPVglm: no visible global function definition for 'gaussian'
    svyPVglm: no visible binding for global variable 'as.formula'
    svyPVglm: no visible binding for global variable 'var'
    svyPVglm: no visible global function definition for 'pt'
    svyPVttest: no visible binding for global variable 'as.formula'
    svyPVttest: no visible global function definition for 'var'
    svyPVttest: no visible global function definition for 'pt'
    svyPVttest: no visible binding for global variable 'var'
    t.test.aux: no visible global function definition for 'as.formula'
    t.test.aux: no visible global function definition for 'complete.cases'
    Undefined global functions or variables:
     aggregate anova as.formula complete.cases cov.wt gaussian lm pt
     update var
    Consider adding
     importFrom("stats", "aggregate", "anova", "as.formula",
     "complete.cases", "cov.wt", "gaussian", "lm", "pt",
     "update", "var")
    to your NAMESPACE file.
Flavors: r-devel-linux-x86_64-debian-clang, r-devel-linux-x86_64-debian-gcc, r-devel-linux-x86_64-fedora-clang, r-devel-linux-x86_64-fedora-gcc, r-devel-windows-ix86+x86_64, r-devel-windows-ix86+x86_64-gcc8, r-patched-linux-x86_64, r-patched-solaris-x86, r-release-linux-x86_64, r-release-windows-ix86+x86_64, r-release-osx-x86_64, r-oldrel-windows-ix86+x86_64, r-oldrel-osx-x86_64