CRAN Package Check Results for Package tableschema.r

Last updated on 2020-04-05 23:47:50 CEST.

Flavor Version Tinstall Tcheck Ttotal Status Flags
r-devel-linux-x86_64-debian-clang 1.1.1 13.91 66.13 80.04 OK
r-devel-linux-x86_64-debian-gcc 1.1.1 0.37 2.55 2.92 ERROR
r-devel-linux-x86_64-fedora-clang 1.1.1 97.55 NOTE
r-devel-linux-x86_64-fedora-gcc 1.1.1 92.54 NOTE
r-devel-windows-ix86+x86_64 1.1.1 19.00 136.00 155.00 OK
r-devel-windows-ix86+x86_64-gcc8 1.1.1 18.00 146.00 164.00 OK
r-patched-linux-x86_64 1.1.1 12.48 65.20 77.68 OK
r-patched-solaris-x86 1.1.1 124.60 NOTE
r-release-linux-x86_64 1.1.1 11.54 61.13 72.67 OK
r-release-windows-ix86+x86_64 1.1.1 18.00 184.00 202.00 OK
r-release-osx-x86_64 1.1.1 NOTE
r-oldrel-windows-ix86+x86_64 1.1.1 21.00 137.00 158.00 OK
r-oldrel-osx-x86_64 1.1.1 NOTE

Check Details

Version: 1.1.1
Check: whether package can be installed
Result: ERROR
    Installation failed.
Flavor: r-devel-linux-x86_64-debian-gcc

Version: 1.1.1
Check: dependencies in R code
Result: NOTE
    Namespace in Imports field not imported from: ‘iterators’
     All declared Imports should be used.
Flavors: r-devel-linux-x86_64-fedora-clang, r-devel-linux-x86_64-fedora-gcc, r-patched-solaris-x86, r-release-osx-x86_64, r-oldrel-osx-x86_64