CRAN Package Check Results for Package tcgsaseq

Last updated on 2020-04-08 19:49:31 CEST.

Flavor Version Tinstall Tcheck Ttotal Status Flags
r-devel-linux-x86_64-debian-clang 1.8.1 7.21 70.92 78.13 OK
r-devel-linux-x86_64-debian-gcc 1.8.1 6.63 54.39 61.02 OK
r-devel-linux-x86_64-fedora-clang 1.8.1 97.51 OK
r-devel-linux-x86_64-fedora-gcc 1.8.1 89.88 OK
r-devel-windows-ix86+x86_64 1.8.1 20.00 113.00 133.00 OK
r-devel-windows-ix86+x86_64-gcc8 1.8.1 18.00 75.00 93.00 OK
r-patched-linux-x86_64 1.8.1 6.95 67.92 74.87 OK
r-patched-solaris-x86 1.8.1 133.00 OK
r-release-linux-x86_64 1.8.1 5.82 62.03 67.85 OK
r-release-windows-ix86+x86_64 1.8.1 16.00 117.00 133.00 OK
r-release-osx-x86_64 1.8.1 NOTE
r-oldrel-windows-ix86+x86_64 1.8.1 14.00 80.00 94.00 OK
r-oldrel-osx-x86_64 1.8.1 OK

Check Details

Version: 1.8.1
Check: package dependencies
Result: NOTE
    Packages suggested but not available for checking:
     'limma', 'edgeR', 'DESeq2', 'S4Vectors'
Flavor: r-release-osx-x86_64

Version: 1.8.1
Check: Rd cross-references
Result: NOTE
    Package unavailable to check Rd xrefs: ‘limma’
Flavor: r-release-osx-x86_64