CRAN Package Check Results for Package tgp

Last updated on 2020-02-27 07:49:54 CET.

Flavor Version Tinstall Tcheck Ttotal Status Flags
r-devel-linux-x86_64-debian-clang 2.4-14 30.27 275.57 305.84 OK --no-vignettes
r-devel-linux-x86_64-debian-gcc 2.4-14 19.16 211.48 230.64 OK --no-vignettes
r-devel-linux-x86_64-fedora-clang 2.4-14 404.23 NOTE --no-vignettes
r-devel-linux-x86_64-fedora-gcc 2.4-14 366.91 NOTE --no-vignettes
r-devel-windows-ix86+x86_64 2.4-14 71.00 90.00 161.00 OK --no-examples --no-tests --no-vignettes
r-devel-windows-ix86+x86_64-gcc8 2.4-14 78.00 73.00 151.00 OK --no-examples --no-tests --no-vignettes
r-patched-linux-x86_64 2.4-14 22.52 272.37 294.89 OK --no-vignettes
r-patched-solaris-x86 2.4-14 447.60 OK --no-vignettes
r-release-linux-x86_64 2.4-14 20.34 272.83 293.17 OK --no-vignettes
r-release-windows-ix86+x86_64 2.4-14 70.00 60.00 130.00 OK --no-examples --no-tests --no-vignettes
r-release-osx-x86_64 2.4-14 OK --no-vignettes
r-oldrel-windows-ix86+x86_64 2.4-14 66.00 79.00 145.00 OK --no-examples --no-tests --no-vignettes
r-oldrel-osx-x86_64 2.4-14 OK --no-vignettes

Check Details

Version: 2.4-14
Flags: --no-vignettes
Check: compiled code
Result: NOTE
    File ‘tgp/libs/tgp.so’:
     Found no calls to: ‘R_registerRoutines’, ‘R_useDynamicSymbols’
    
    It is good practice to register native routines and to disable symbol
    search.
    
    See ‘Writing portable packages’ in the ‘Writing R Extensions’ manual.
Flavors: r-devel-linux-x86_64-fedora-clang, r-devel-linux-x86_64-fedora-gcc