CRAN Package Check Results for Package tidyRSS

Last updated on 2020-05-30 03:48:06 CEST.

Flavor Version Tinstall Tcheck Ttotal Status Flags
r-devel-linux-x86_64-debian-clang 2.0.1 5.82 44.48 50.30 OK
r-devel-linux-x86_64-debian-gcc 2.0.1 4.52 34.65 39.17 OK
r-devel-linux-x86_64-fedora-clang 2.0.1 62.22 OK
r-devel-linux-x86_64-fedora-gcc 2.0.1 57.12 ERROR
r-devel-windows-ix86+x86_64 2.0.1 17.00 136.00 153.00 OK
r-patched-linux-x86_64 2.0.1 5.71 42.56 48.27 OK
r-patched-solaris-x86 2.0.1 89.40 OK
r-release-linux-x86_64 2.0.1 5.78 43.20 48.98 OK
r-release-osx-x86_64 2.0.1 OK
r-release-windows-ix86+x86_64 2.0.1 12.00 126.00 138.00 OK
r-oldrel-osx-x86_64 2.0.1 OK
r-oldrel-windows-ix86+x86_64 2.0.1 11.00 62.00 73.00 OK

Check Details

Version: 2.0.1
Check: tests
Result: ERROR
     Running ‘testthat.R’ [7s/10s]
    Running the tests in ‘tests/testthat.R’ failed.
    Complete output:
     > library(testthat)
     > library(tidyRSS)
     >
     > test_check("tidyRSS")
    
     Attaching package: 'dplyr'
    
     The following object is masked from 'package:testthat':
    
     matches
    
     The following objects are masked from 'package:stats':
    
     filter, lag
    
     The following objects are masked from 'package:base':
    
     intersect, setdiff, setequal, union
    
     ── 1. Error: RSS responses are parsed (@test_general.R#35) ────────────────────
     Argument 1 must have names.
     Backtrace:
     1. tidyRSS:::rss_parse(...)
     2. tidyRSS:::clean_up(entries, "rss", clean_tags, parse_dates)
     10. purrr::map_df(...)
     11. dplyr::bind_rows(res, .id = .id)
    
     ── 2. Error: df is cleaned properly (@test_general.R#84) ──────────────────────
     Argument 1 must have names.
     Backtrace:
     1. testthat::expect_equal(...)
     4. tidyRSS:::clean_up(df, "rss", clean_tags = TRUE, parse_dates = TRUE)
     10. purrr::map_df(...)
     13. dplyr::bind_rows(res, .id = .id)
    
     ══ testthat results ═══════════════════════════════════════════════════════════
     [ OK: 34 | SKIPPED: 0 | WARNINGS: 2 | FAILED: 2 ]
     1. Error: RSS responses are parsed (@test_general.R#35)
     2. Error: df is cleaned properly (@test_general.R#84)
    
     Error: testthat unit tests failed
     Execution halted
Flavor: r-devel-linux-x86_64-fedora-gcc