CRAN Package Check Results for Package tidyUSDA

Last updated on 2020-06-02 15:49:13 CEST.

Flavor Version Tinstall Tcheck Ttotal Status Flags
r-devel-linux-x86_64-debian-clang 0.2.7 3.45 36.27 39.72 OK
r-devel-linux-x86_64-debian-gcc 0.2.7 2.53 29.38 31.91 OK
r-devel-linux-x86_64-fedora-clang 0.2.7 57.99 NOTE
r-devel-linux-x86_64-fedora-gcc 0.2.7 56.77 NOTE
r-devel-windows-ix86+x86_64 0.2.7 13.00 111.00 124.00 OK
r-patched-linux-x86_64 0.2.7 2.95 36.43 39.38 OK
r-patched-solaris-x86 0.2.7 81.10 NOTE
r-release-linux-x86_64 0.2.7 3.58 36.35 39.93 OK
r-release-osx-x86_64 0.2.7 NOTE
r-release-windows-ix86+x86_64 0.2.7 10.00 57.00 67.00 OK
r-oldrel-osx-x86_64 0.2.7 NOTE
r-oldrel-windows-ix86+x86_64 0.2.7 7.00 60.00 67.00 OK

Check Details

Version: 0.2.7
Check: dependencies in R code
Result: NOTE
    Namespaces in Imports field not imported from:
     ‘curl’ ‘keyring’ ‘nlme’ ‘rgdal’ ‘stringi’ ‘usethis’
     All declared Imports should be used.
Flavors: r-devel-linux-x86_64-fedora-clang, r-devel-linux-x86_64-fedora-gcc, r-patched-solaris-x86, r-release-osx-x86_64, r-oldrel-osx-x86_64