CRAN Package Check Results for Package tscount

Last updated on 2020-06-02 11:48:22 CEST.

Flavor Version Tinstall Tcheck Ttotal Status Flags
r-devel-linux-x86_64-debian-clang 1.4.2 5.47 190.73 196.20 OK
r-devel-linux-x86_64-debian-gcc 1.4.2 4.61 129.91 134.52 OK
r-devel-linux-x86_64-fedora-clang 1.4.2 228.56 OK
r-devel-linux-x86_64-fedora-gcc 1.4.2 216.42 OK
r-devel-windows-ix86+x86_64 1.4.2 15.00 366.00 381.00 OK
r-patched-linux-x86_64 1.4.2 5.54 180.62 186.16 OK
r-patched-solaris-x86 1.4.2 259.20 OK
r-release-linux-x86_64 1.4.2 5.61 178.22 183.83 OK
r-release-osx-x86_64 1.4.2 OK
r-release-windows-ix86+x86_64 1.4.2 12.00 239.00 251.00 OK
r-oldrel-osx-x86_64 1.4.2 NOTE
r-oldrel-windows-ix86+x86_64 1.4.2 10.00 168.00 178.00 OK

Check Details

Version: 1.4.2
Check: re-building of vignette outputs
Result: NOTE
    Error(s) in re-building vignettes:
    --- re-building ‘tsglm.Rnw’ using Sweave
    Loading required package: splines
    Loading required package: gamlss.data
    
    Attaching package: 'gamlss.data'
    
    The following object is masked from 'package:datasets':
    
     sleep
    
    Loading required package: gamlss.dist
    Loading required package: MASS
    Loading required package: nlme
    Loading required package: parallel
     ********** GAMLSS Version 5.1-6 **********
    For more on GAMLSS look at http://www.gamlss.org/
    Type gamlssNews() to see new features/changes/bug fixes.
    
    Loading required package: stats4
    Loading required package: tseries
    Loading required package: quantmod
    Loading required package: xts
    Loading required package: zoo
    
    Attaching package: 'zoo'
    
    The following objects are masked from 'package:base':
    
     as.Date, as.Date.numeric
    
    Loading required package: TTR
    
    Attaching package: 'TTR'
    
    The following object is masked from 'package:gamlss.dist':
    
     DPO
    
    Version 0.4-0 included new data defaults. See ?getSymbols.
    Warning in log1p(-mu) : NaNs produced
    Warning in checkwz(wz, M, trace = trace, wzepsilon = control$wzepsilon) :
     139 diagonal elements of the working weights variable 'wz' have been replaced by 1.819e-12
    Warning in log1p(-mu) : NaNs produced
    Warning in log1p(-mu) : NaNs produced
    Warning in log1p(-mu) : NaNs produced
    Warning in log1p(-mu) : NaNs produced
    Warning in log1p(-mu) : NaNs produced
    Warning in log1p(-mu) : NaNs produced
    Warning in log1p(-mu) : NaNs produced
    Warning in log1p(-mu) : NaNs produced
    Warning in log1p(-mu) : NaNs produced
    Warning in log1p(-mu) : NaNs produced
    Warning in log1p(-mu) : NaNs produced
    Warning in log1p(-mu) : NaNs produced
    Warning in log1p(-mu) : NaNs produced
    Warning in log1p(-mu) : NaNs produced
    Warning in log1p(-mu) : NaNs produced
    Warning in log1p(-mu) : NaNs produced
    Warning in log1p(-mu) : NaNs produced
    Warning in log1p(-mu) : NaNs produced
    Warning in log1p(-mu) : NaNs produced
    Warning in log1p(-mu) : NaNs produced
    Warning in vglm.fitter(x = x, y = y, w = w, offset = offset, Xm2 = Xm2, :
     iterations terminated because half-step sizes are very small
    Warning in vglm.fitter(x = x, y = y, w = w, offset = offset, Xm2 = Xm2, :
     some quantities such as z, residuals, SEs may be inaccurate due to convergence at a half-step
    Error: processing vignette 'tsglm.Rnw' failed with diagnostics:
    Running 'texi2dvi' on 'tsglm.tex' failed.
    LaTeX errors:
    !pdfTeX error: pdflatex (file bbm10): Font bbm10 at 657 not found
     ==> Fatal error occurred, no output PDF file produced!
    --- failed re-building 'tsglm.Rnw'
    
    SUMMARY: processing the following file failed:
     'tsglm.Rnw'
    
    Error: Vignette re-building failed.
    Execution halted
Flavor: r-oldrel-osx-x86_64