CRAN Package Check Results for Package ubiquity

Last updated on 2020-03-31 11:49:29 CEST.

Flavor Version Tinstall Tcheck Ttotal Status Flags
r-devel-linux-x86_64-debian-clang 1.0.1 19.22 125.09 144.31 OK
r-devel-linux-x86_64-debian-gcc 1.0.1 14.61 98.62 113.23 OK
r-devel-linux-x86_64-fedora-clang 1.0.1 170.72 NOTE
r-devel-linux-x86_64-fedora-gcc 1.0.1 162.66 OK
r-devel-windows-ix86+x86_64 1.0.1 45.00 144.00 189.00 NOTE
r-devel-windows-ix86+x86_64-gcc8 1.0.1 36.00 158.00 194.00 NOTE
r-patched-linux-x86_64 1.0.1 17.53 121.03 138.56 OK
r-patched-solaris-x86 1.0.1 236.50 WARN
r-release-linux-x86_64 1.0.1 17.52 116.10 133.62 OK
r-release-windows-ix86+x86_64 1.0.1 57.00 245.00 302.00 NOTE
r-release-osx-x86_64 1.0.1 WARN
r-oldrel-windows-ix86+x86_64 1.0.1 43.00 195.00 238.00 NOTE
r-oldrel-osx-x86_64 1.0.1 WARN

Check Details

Version: 1.0.1
Check: installed package size
Result: NOTE
     installed size is 9.4Mb
     sub-directories of 1Mb or more:
     doc 6.4Mb
     ubinc 2.0Mb
Flavors: r-devel-linux-x86_64-fedora-clang, r-devel-windows-ix86+x86_64, r-devel-windows-ix86+x86_64-gcc8, r-patched-solaris-x86, r-release-windows-ix86+x86_64, r-release-osx-x86_64, r-oldrel-windows-ix86+x86_64, r-oldrel-osx-x86_64

Version: 1.0.1
Check: re-building of vignette outputs
Result: WARN
    Error(s) in re-building vignettes:
     ...
    --- re-building ‘Deployment.Rmd’ using rmarkdown
    Warning in engine$weave(file, quiet = quiet, encoding = enc) :
     Pandoc (>= 1.12.3) and/or pandoc-citeproc not available. Falling back to R Markdown v1.
    --- finished re-building ‘Deployment.Rmd’
    
    --- re-building ‘Estimation.Rmd’ using rmarkdown
    Warning in engine$weave(file, quiet = quiet, encoding = enc) :
     Pandoc (>= 1.12.3) and/or pandoc-citeproc not available. Falling back to R Markdown v1.
    --- finished re-building ‘Estimation.Rmd’
    
    --- re-building ‘Language.Rmd’ using rmarkdown
    Warning in engine$weave(file, quiet = quiet, encoding = enc) :
     Pandoc (>= 1.12.3) and/or pandoc-citeproc not available. Falling back to R Markdown v1.
    --- finished re-building ‘Language.Rmd’
    
    --- re-building ‘NCA.Rmd’ using rmarkdown
    Warning in engine$weave(file, quiet = quiet, encoding = enc) :
     Pandoc (>= 1.12.3) and/or pandoc-citeproc not available. Falling back to R Markdown v1.
    PhantomJS not found. You can install it with webshot::install_phantomjs(). If it is installed, please make sure the phantomjs executable can be found via the PATH variable.
    Quitting from lines 195-196 (NCA.Rmd)
    Error: processing vignette 'NCA.Rmd' failed with diagnostics:
    cannot open the connection
    --- failed re-building ‘NCA.Rmd’
    
    --- re-building ‘Reporting.Rmd’ using rmarkdown
    Warning in engine$weave(file, quiet = quiet, encoding = enc) :
     Pandoc (>= 1.12.3) and/or pandoc-citeproc not available. Falling back to R Markdown v1.
    --- finished re-building ‘Reporting.Rmd’
    
    --- re-building ‘Simulation.Rmd’ using rmarkdown
    Warning in engine$weave(file, quiet = quiet, encoding = enc) :
     Pandoc (>= 1.12.3) and/or pandoc-citeproc not available. Falling back to R Markdown v1.
    Loading required package: ubiquity
    Loading required package: deSolve
    Loading required package: ggplot2
    Loading required package: foreach
    Loading required package: doParallel
    Loading required package: iterators
    Loading required package: parallel
    Loading required package: rhandsontable
    PhantomJS not found. You can install it with webshot::install_phantomjs(). If it is installed, please make sure the phantomjs executable can be found via the PATH variable.
    Quitting from lines 95-97 (Simulation.Rmd)
    Error: processing vignette 'Simulation.Rmd' failed with diagnostics:
    cannot open the connection
    --- failed re-building ‘Simulation.Rmd’
    
    --- re-building ‘Titration.Rmd’ using rmarkdown
    Warning in engine$weave(file, quiet = quiet, encoding = enc) :
     Pandoc (>= 1.12.3) and/or pandoc-citeproc not available. Falling back to R Markdown v1.
    PhantomJS not found. You can install it with webshot::install_phantomjs(). If it is installed, please make sure the phantomjs executable can be found via the PATH variable.
    Quitting from lines 278-279 (Titration.Rmd)
    Error: processing vignette 'Titration.Rmd' failed with diagnostics:
    cannot open the connection
    --- failed re-building ‘Titration.Rmd’
    
    SUMMARY: processing the following files failed:
     ‘NCA.Rmd’ ‘Simulation.Rmd’ ‘Titration.Rmd’
    
    Error: Vignette re-building failed.
    Execution halted
Flavor: r-patched-solaris-x86

Version: 1.0.1
Check: re-building of vignette outputs
Result: WARN
    Error(s) in re-building vignettes:
    --- re-building ‘Deployment.Rmd’ using rmarkdown
    Warning in engine$weave(file, quiet = quiet, encoding = enc) :
     Pandoc (>= 1.12.3) and/or pandoc-citeproc not available. Falling back to R Markdown v1.
    --- finished re-building ‘Deployment.Rmd’
    
    --- re-building ‘Estimation.Rmd’ using rmarkdown
    Warning in engine$weave(file, quiet = quiet, encoding = enc) :
     Pandoc (>= 1.12.3) and/or pandoc-citeproc not available. Falling back to R Markdown v1.
    --- finished re-building ‘Estimation.Rmd’
    
    --- re-building ‘Language.Rmd’ using rmarkdown
    Warning in engine$weave(file, quiet = quiet, encoding = enc) :
     Pandoc (>= 1.12.3) and/or pandoc-citeproc not available. Falling back to R Markdown v1.
    --- finished re-building ‘Language.Rmd’
    
    --- re-building ‘NCA.Rmd’ using rmarkdown
    Warning in engine$weave(file, quiet = quiet, encoding = enc) :
     Pandoc (>= 1.12.3) and/or pandoc-citeproc not available. Falling back to R Markdown v1.
    PhantomJS not found. You can install it with webshot::install_phantomjs(). If it is installed, please make sure the phantomjs executable can be found via the PATH variable.
    Quitting from lines 195-196 (NCA.Rmd)
    Error: processing vignette 'NCA.Rmd' failed with diagnostics:
    cannot open the connection
    --- failed re-building ‘NCA.Rmd’
    
    --- re-building ‘Reporting.Rmd’ using rmarkdown
    Warning in engine$weave(file, quiet = quiet, encoding = enc) :
     Pandoc (>= 1.12.3) and/or pandoc-citeproc not available. Falling back to R Markdown v1.
    --- finished re-building ‘Reporting.Rmd’
    
    --- re-building ‘Simulation.Rmd’ using rmarkdown
    Warning in engine$weave(file, quiet = quiet, encoding = enc) :
     Pandoc (>= 1.12.3) and/or pandoc-citeproc not available. Falling back to R Markdown v1.
    Loading required package: ubiquity
    Loading required package: deSolve
    Loading required package: ggplot2
    Loading required package: foreach
    Loading required package: doParallel
    Loading required package: iterators
    Loading required package: parallel
    Loading required package: rhandsontable
    PhantomJS not found. You can install it with webshot::install_phantomjs(). If it is installed, please make sure the phantomjs executable can be found via the PATH variable.
    Quitting from lines 95-97 (Simulation.Rmd)
    Error: processing vignette 'Simulation.Rmd' failed with diagnostics:
    cannot open the connection
    --- failed re-building ‘Simulation.Rmd’
    
    --- re-building ‘Titration.Rmd’ using rmarkdown
    Warning in engine$weave(file, quiet = quiet, encoding = enc) :
     Pandoc (>= 1.12.3) and/or pandoc-citeproc not available. Falling back to R Markdown v1.
    PhantomJS not found. You can install it with webshot::install_phantomjs(). If it is installed, please make sure the phantomjs executable can be found via the PATH variable.
    Quitting from lines 278-279 (Titration.Rmd)
    Error: processing vignette 'Titration.Rmd' failed with diagnostics:
    cannot open the connection
    --- failed re-building ‘Titration.Rmd’
    
    SUMMARY: processing the following files failed:
     ‘NCA.Rmd’ ‘Simulation.Rmd’ ‘Titration.Rmd’
    
    Error: Vignette re-building failed.
    Execution halted
Flavor: r-release-osx-x86_64

Version: 1.0.1
Check: re-building of vignette outputs
Result: WARN
    Error in re-building vignettes:
     ...
    Warning in engine$weave(file, quiet = quiet, encoding = enc) :
     Pandoc (>= 1.12.3) and/or pandoc-citeproc not available. Falling back to R Markdown v1.
    Warning in engine$weave(file, quiet = quiet, encoding = enc) :
     Pandoc (>= 1.12.3) and/or pandoc-citeproc not available. Falling back to R Markdown v1.
    Warning in engine$weave(file, quiet = quiet, encoding = enc) :
     Pandoc (>= 1.12.3) and/or pandoc-citeproc not available. Falling back to R Markdown v1.
    Warning in engine$weave(file, quiet = quiet, encoding = enc) :
     Pandoc (>= 1.12.3) and/or pandoc-citeproc not available. Falling back to R Markdown v1.
    PhantomJS not found. You can install it with webshot::install_phantomjs(). If it is installed, please make sure the phantomjs executable can be found via the PATH variable.
    Quitting from lines 195-196 (NCA.Rmd)
    Error: processing vignette 'NCA.Rmd' failed with diagnostics:
    cannot open the connection
    Execution halted
Flavor: r-oldrel-osx-x86_64