CRAN Package Check Results for Package vkR

Last updated on 2020-06-02 15:49:14 CEST.

Flavor Version Tinstall Tcheck Ttotal Status Flags
r-devel-linux-x86_64-debian-clang 0.1 3.85 31.25 35.10 NOTE
r-devel-linux-x86_64-debian-gcc 0.1 3.58 24.59 28.17 NOTE
r-devel-linux-x86_64-fedora-clang 0.1 50.64 NOTE
r-devel-linux-x86_64-fedora-gcc 0.1 41.13 NOTE
r-devel-windows-ix86+x86_64 0.1 9.00 60.00 69.00 NOTE
r-patched-linux-x86_64 0.1 4.22 31.21 35.43 NOTE
r-patched-solaris-x86 0.1 58.70 NOTE
r-release-linux-x86_64 0.1 4.60 30.89 35.49 NOTE
r-release-osx-x86_64 0.1 NOTE
r-release-windows-ix86+x86_64 0.1 8.00 44.00 52.00 NOTE
r-oldrel-osx-x86_64 0.1 NOTE
r-oldrel-windows-ix86+x86_64 0.1 7.00 43.00 50.00 NOTE

Check Details

Version: 0.1
Check: dependencies in R code
Result: NOTE
    Missing or unexported object: 'jsonlite::rbind.pages'
Flavors: r-devel-linux-x86_64-debian-clang, r-devel-linux-x86_64-debian-gcc, r-devel-linux-x86_64-fedora-clang, r-devel-linux-x86_64-fedora-gcc, r-devel-windows-ix86+x86_64, r-patched-linux-x86_64, r-patched-solaris-x86, r-release-linux-x86_64, r-release-osx-x86_64, r-release-windows-ix86+x86_64, r-oldrel-osx-x86_64, r-oldrel-windows-ix86+x86_64