CRAN Package Check Results for Package webglobe

Last updated on 2020-05-31 11:47:04 CEST.

Flavor Version Tinstall Tcheck Ttotal Status Flags
r-devel-linux-x86_64-debian-clang 1.0.2 9.08 75.98 85.06 OK
r-devel-linux-x86_64-debian-gcc 1.0.2 8.18 59.62 67.80 OK
r-devel-linux-x86_64-fedora-clang 1.0.2 93.89 NOTE
r-devel-linux-x86_64-fedora-gcc 1.0.2 86.28 OK
r-devel-windows-ix86+x86_64 1.0.2 39.00 160.00 199.00 NOTE
r-patched-linux-x86_64 1.0.2 9.55 75.88 85.43 OK
r-patched-solaris-x86 1.0.2 147.40 NOTE
r-release-linux-x86_64 1.0.2 10.18 75.47 85.65 OK
r-release-osx-x86_64 1.0.2 NOTE
r-release-windows-ix86+x86_64 1.0.2 30.00 188.00 218.00 NOTE
r-oldrel-osx-x86_64 1.0.2 NOTE
r-oldrel-windows-ix86+x86_64 1.0.2 29.00 103.00 132.00 NOTE

Check Details

Version: 1.0.2
Check: installed package size
Result: NOTE
     installed size is 10.8Mb
     sub-directories of 1Mb or more:
     client 9.6Mb
     doc 1.0Mb
Flavors: r-devel-linux-x86_64-fedora-clang, r-devel-windows-ix86+x86_64, r-patched-solaris-x86, r-release-osx-x86_64, r-release-windows-ix86+x86_64, r-oldrel-osx-x86_64, r-oldrel-windows-ix86+x86_64