CRAN Package Check Results for Package wilson

Last updated on 2020-06-03 19:47:40 CEST.

Flavor Version Tinstall Tcheck Ttotal Status Flags
r-devel-linux-x86_64-debian-clang 2.4.0 10.43 84.79 95.22 OK
r-devel-linux-x86_64-debian-gcc 2.4.0 9.16 64.92 74.08 OK
r-devel-linux-x86_64-fedora-clang 2.4.0 124.95 NOTE
r-devel-linux-x86_64-fedora-gcc 2.4.0 112.00 OK
r-devel-windows-ix86+x86_64 2.4.0 41.00 119.00 160.00 OK
r-patched-linux-x86_64 2.4.0 8.41 83.53 91.94 OK
r-patched-solaris-x86 2.4.0 143.10 OK
r-release-linux-x86_64 2.4.0 8.72 84.26 92.98 OK
r-release-osx-x86_64 2.4.0 OK
r-release-windows-ix86+x86_64 2.4.0 28.00 90.00 118.00 OK
r-oldrel-osx-x86_64 2.4.0 OK
r-oldrel-windows-ix86+x86_64 2.4.0 17.00 91.00 108.00 OK

Check Details

Version: 2.4.0
Check: package dependencies
Result: NOTE
    Imports includes 31 non-default packages.
    Importing from so many packages makes the package vulnerable to any of
    them becoming unavailable. Move as many as possible to Suggests and
    use conditionally.
Flavor: r-devel-linux-x86_64-fedora-clang