Last updated on 2024-03-28 01:53:50 CET.
Flavor | Version | Tinstall | Tcheck | Ttotal | Status | Flags |
---|---|---|---|---|---|---|
r-devel-linux-x86_64-debian-clang | 1.0.22 | 5.65 | 87.50 | 93.15 | NOTE | |
r-devel-linux-x86_64-debian-gcc | 1.0.22 | 4.25 | 65.18 | 69.43 | NOTE | |
r-devel-linux-x86_64-fedora-clang | 1.0.22 | 128.43 | NOTE | |||
r-devel-linux-x86_64-fedora-gcc | 1.0.22 | 127.53 | NOTE | |||
r-devel-windows-x86_64 | 1.0.22 | 7.00 | 91.00 | 98.00 | NOTE | |
r-patched-linux-x86_64 | 1.0.22 | 6.54 | 85.69 | 92.23 | OK | |
r-release-linux-x86_64 | 1.0.22 | 5.80 | 81.93 | 87.73 | OK | |
r-release-macos-arm64 | 1.0.22 | 44.00 | NOTE | |||
r-release-macos-x86_64 | 1.0.22 | 67.00 | NOTE | |||
r-release-windows-x86_64 | 1.0.22 | 9.00 | 102.00 | 111.00 | NOTE | |
r-oldrel-macos-arm64 | 1.0.22 | 32.00 | NOTE | |||
r-oldrel-windows-x86_64 | 1.0.22 | 9.00 | 101.00 | 110.00 | NOTE |
Version: 1.0.22
Check: Rd files
Result: NOTE
checkRd: (-1) SVMDECON.Rd:23: Lost braces; missing escapes or markup?
23 | and the best result from three values of v = {0.25, 0.5, 0.75}
| ^
Flavors: r-devel-linux-x86_64-debian-clang, r-devel-linux-x86_64-debian-gcc, r-devel-linux-x86_64-fedora-clang, r-devel-linux-x86_64-fedora-gcc, r-devel-windows-x86_64
Version: 1.0.22
Check: installed package size
Result: NOTE
installed size is 7.6Mb
sub-directories of 1Mb or more:
doc 7.1Mb
Flavors: r-devel-linux-x86_64-fedora-clang, r-devel-windows-x86_64, r-release-macos-arm64, r-release-macos-x86_64, r-release-windows-x86_64, r-oldrel-macos-arm64, r-oldrel-windows-x86_64
Version: 1.0.22
Check: package dependencies
Result: NOTE
Packages suggested but not available for checking: 'DeconRNASeq', 'WGCNA'
Flavors: r-release-macos-arm64, r-release-macos-x86_64