CRAN Package Check Results for Package ADMMsigma

Last updated on 2023-06-05 01:51:59 CEST.

Flavor Version Tinstall Tcheck Ttotal Status Flags
r-devel-linux-x86_64-debian-clang 2.1 86.41 63.79 150.20 NOTE
r-devel-linux-x86_64-debian-gcc 2.1 65.76 47.95 113.71 NOTE
r-devel-linux-x86_64-fedora-clang 2.1 214.68 NOTE
r-devel-linux-x86_64-fedora-gcc 2.1 245.32 NOTE
r-devel-windows-x86_64 2.1 65.00 110.00 175.00 NOTE
r-patched-linux-x86_64 2.1 75.48 63.39 138.87 NOTE
r-release-linux-x86_64 2.1 68.01 59.73 127.74 NOTE
r-release-macos-arm64 2.1 69.00 NOTE
r-release-macos-x86_64 2.1 114.00 NOTE
r-release-windows-x86_64 2.1 84.00 113.00 197.00 NOTE
r-oldrel-macos-arm64 2.1 71.00 NOTE
r-oldrel-macos-x86_64 2.1 88.00 NOTE
r-oldrel-windows-x86_64 2.1 82.00 131.00 213.00 NOTE

Check Details

Version: 2.1
Check: LazyData
Result: NOTE
     'LazyData' is specified without a 'data' directory
Flavors: r-devel-linux-x86_64-debian-clang, r-devel-linux-x86_64-debian-gcc, r-devel-linux-x86_64-fedora-clang, r-devel-linux-x86_64-fedora-gcc, r-devel-windows-x86_64, r-patched-linux-x86_64, r-release-linux-x86_64, r-release-macos-arm64, r-release-macos-x86_64, r-release-windows-x86_64, r-oldrel-macos-arm64, r-oldrel-macos-x86_64, r-oldrel-windows-x86_64