Last updated on 2024-04-24 01:52:03 CEST.
Flavor | Version | Tinstall | Tcheck | Ttotal | Status | Flags |
---|---|---|---|---|---|---|
r-devel-linux-x86_64-debian-clang | 2.3-3 | 83.29 | 471.39 | 554.68 | OK | |
r-devel-linux-x86_64-debian-gcc | 2.3-3 | 67.85 | 320.65 | 388.50 | OK | |
r-devel-linux-x86_64-fedora-clang | 2.3-3 | 673.85 | NOTE | |||
r-devel-linux-x86_64-fedora-gcc | 2.3-3 | 674.59 | OK | |||
r-prerel-macos-arm64 | 2.3-3 | 142.00 | OK | |||
r-prerel-windows-x86_64 | 2.3-3 | 64.00 | 338.00 | 402.00 | OK | |
r-patched-linux-x86_64 | 2.3-3 | 88.25 | 431.44 | 519.69 | OK | |
r-release-linux-x86_64 | 2.3-3 | 68.58 | 438.73 | 507.31 | OK | |
r-release-macos-arm64 | 2.3-3 | 150.00 | OK | |||
r-release-macos-x86_64 | 2.3-3 | 383.00 | OK | |||
r-release-windows-x86_64 | 2.3-3 | 88.00 | 412.00 | 500.00 | OK | |
r-oldrel-macos-arm64 | 2.3-3 | 138.00 | OK | |||
r-oldrel-windows-x86_64 | 2.3-3 | 88.00 | 387.00 | 475.00 | OK |
Version: 2.3-3
Check: Rd cross-references
Result: NOTE
Undeclared packages ‘multcomp’, ‘gmodels’ in Rd xrefs
Flavor: r-devel-linux-x86_64-fedora-clang