CRAN Package Check Results for Package AICcmodavg

Last updated on 2022-08-20 01:49:52 CEST.

Flavor Version Tinstall Tcheck Ttotal Status Flags
r-devel-linux-x86_64-debian-clang 2.3-1 85.07 416.50 501.57 OK
r-devel-linux-x86_64-debian-gcc 2.3-1 66.96 299.64 366.60 OK
r-devel-linux-x86_64-fedora-clang 2.3-1 641.29 NOTE
r-devel-linux-x86_64-fedora-gcc 2.3-1 631.33 OK
r-devel-windows-x86_64 2.3-1 215.00 412.00 627.00 OK
r-patched-linux-x86_64 2.3-1 82.13 389.61 471.74 OK
r-release-linux-x86_64 2.3-1 OK
r-release-macos-arm64 2.3-1 182.00 OK
r-release-macos-x86_64 2.3-1 320.00 NOTE
r-release-windows-x86_64 2.3-1 194.00 415.00 609.00 OK
r-oldrel-macos-arm64 2.3-1 161.00 NOTE
r-oldrel-macos-x86_64 2.3-1 331.00 OK
r-oldrel-windows-ix86+x86_64 2.3-1 123.00 400.00 523.00 OK

Check Details

Version: 2.3-1
Check: Rd cross-references
Result: NOTE
    Undeclared packages ‘multcomp’, ‘gmodels’ in Rd xrefs
Flavor: r-devel-linux-x86_64-fedora-clang

Version: 2.3-1
Check: package dependencies
Result: NOTE
    Packages suggested but not available for checking: 'R2jags', 'jagsUI'
Flavors: r-release-macos-x86_64, r-oldrel-macos-arm64