Last updated on 2022-05-16 02:50:56 CEST.
Flavor | Version | Tinstall | Tcheck | Ttotal | Status | Flags |
---|---|---|---|---|---|---|
r-devel-linux-x86_64-debian-clang | 0.6.3.2 | 5.89 | 80.13 | 86.02 | OK | |
r-devel-linux-x86_64-debian-gcc | 0.6.3.2 | 5.06 | 58.68 | 63.74 | OK | |
r-devel-linux-x86_64-fedora-clang | 0.6.3.2 | 104.95 | NOTE | |||
r-devel-linux-x86_64-fedora-gcc | 0.6.3.2 | 97.80 | NOTE | |||
r-devel-windows-x86_64 | 0.6.3.2 | 18.00 | 101.00 | 119.00 | OK | |
r-patched-linux-x86_64 | 0.6.3.2 | 9.24 | 76.47 | 85.71 | OK | |
r-release-linux-x86_64 | 0.6.3.2 | 4.80 | 75.40 | 80.20 | OK | |
r-release-macos-arm64 | 0.6.3.2 | 31.00 | NOTE | |||
r-release-macos-x86_64 | 0.6.3.2 | 61.00 | NOTE | |||
r-release-windows-x86_64 | 0.6.3.2 | 16.00 | 105.00 | 121.00 | OK | |
r-oldrel-macos-arm64 | 0.6.3.2 | 50.00 | NOTE | |||
r-oldrel-macos-x86_64 | 0.6.3.2 | 39.00 | NOTE | |||
r-oldrel-windows-ix86+x86_64 | 0.6.3.2 | 13.00 | 98.00 | 111.00 | OK |
Version: 0.6.3.2
Check: dependencies in R code
Result: NOTE
Namespaces in Imports field not imported from:
‘Rsolnp’ ‘SuperLearner’ ‘future.apply’ ‘ggplot2’ ‘progressr’ ‘stats’
‘utils’
All declared Imports should be used.
Flavors: r-devel-linux-x86_64-fedora-clang, r-devel-linux-x86_64-fedora-gcc, r-release-macos-arm64, r-release-macos-x86_64, r-oldrel-macos-arm64, r-oldrel-macos-x86_64