Last updated on 2022-07-04 02:53:24 CEST.
Flavor | Version | Tinstall | Tcheck | Ttotal | Status | Flags |
---|---|---|---|---|---|---|
r-devel-linux-x86_64-debian-clang | 0.2.1 | 51.98 | 75.91 | 127.89 | OK | |
r-devel-linux-x86_64-debian-gcc | 0.2.1 | 38.28 | 57.90 | 96.18 | OK | |
r-devel-linux-x86_64-fedora-clang | 0.2.1 | 184.86 | OK | |||
r-devel-linux-x86_64-fedora-gcc | 0.2.1 | 166.97 | OK | |||
r-devel-windows-x86_64 | 0.2.1 | 225.00 | 159.00 | 384.00 | OK | |
r-patched-linux-x86_64 | 0.2.1 | 46.86 | 74.54 | 121.40 | OK | |
r-release-linux-x86_64 | 0.2.1 | 45.02 | 74.93 | 119.95 | OK | |
r-release-macos-arm64 | 0.2.1 | 48.00 | OK | |||
r-release-macos-x86_64 | 0.2.1 | 78.00 | OK | |||
r-release-windows-x86_64 | 0.2.1 | 187.00 | 154.00 | 341.00 | OK | |
r-oldrel-macos-arm64 | 0.2.1 | 64.00 | OK | |||
r-oldrel-macos-x86_64 | 0.2.1 | 105.00 | OK | |||
r-oldrel-windows-ix86+x86_64 | 0.2.1 | 127.00 | 150.00 | 277.00 | NOTE |
Version: 0.2.1
Check: installed package size
Result: NOTE
installed size is 5.1Mb
sub-directories of 1Mb or more:
doc 2.4Mb
libs 2.1Mb
Flavor: r-oldrel-windows-ix86+x86_64