CRAN Package Check Results for Package ANOVAShiny

Last updated on 2020-03-29 19:48:22 CEST.

Flavor Version Tinstall Tcheck Ttotal Status Flags
r-devel-linux-x86_64-debian-clang 0.1.0 OK
r-devel-linux-x86_64-debian-gcc 0.1.0 1.83 13.99 15.82 OK
r-devel-linux-x86_64-fedora-clang 0.1.0 24.81 NOTE
r-devel-linux-x86_64-fedora-gcc 0.1.0 23.85 NOTE
r-devel-windows-ix86+x86_64 0.1.0 10.00 40.00 50.00 OK
r-devel-windows-ix86+x86_64-gcc8 0.1.0 8.00 30.00 38.00 OK
r-patched-linux-x86_64 0.1.0 1.53 16.98 18.51 OK
r-patched-solaris-x86 0.1.0 39.50 NOTE
r-release-linux-x86_64 0.1.0 1.69 15.97 17.66 OK
r-release-windows-ix86+x86_64 0.1.0 11.00 49.00 60.00 OK
r-release-osx-x86_64 0.1.0 NOTE
r-oldrel-windows-ix86+x86_64 0.1.0 8.00 45.00 53.00 OK
r-oldrel-osx-x86_64 0.1.0 NOTE

Check Details

Version: 0.1.0
Check: dependencies in R code
Result: NOTE
    Namespaces in Imports field not imported from:
     ‘DescTools’ ‘HH’ ‘datasets’ ‘dplyr’ ‘rhandsontable’ ‘shiny’
     All declared Imports should be used.
Flavors: r-devel-linux-x86_64-fedora-clang, r-devel-linux-x86_64-fedora-gcc, r-patched-solaris-x86, r-release-osx-x86_64, r-oldrel-osx-x86_64