CRAN Package Check Results for Package APAtree

Last updated on 2022-09-26 01:52:40 CEST.

Flavor Version Tinstall Tcheck Ttotal Status Flags
r-devel-linux-x86_64-debian-clang 1.0.1 141.26 360.82 502.08 WARN
r-devel-linux-x86_64-debian-gcc 1.0.1 120.60 264.92 385.52 OK
r-devel-linux-x86_64-fedora-clang 1.0.1 683.64 WARN
r-devel-linux-x86_64-fedora-gcc 1.0.1 608.91 OK
r-devel-windows-x86_64 1.0.1 130.00 364.00 494.00 OK
r-patched-linux-x86_64 1.0.1 126.02 347.51 473.53 OK
r-release-linux-x86_64 1.0.1 117.78 343.49 461.27 OK
r-release-macos-arm64 1.0.1 126.00 OK
r-release-macos-x86_64 1.0.1 184.00 OK
r-release-windows-x86_64 1.0.1 473.00 365.00 838.00 OK
r-oldrel-macos-arm64 1.0.1 88.00 OK
r-oldrel-macos-x86_64 1.0.1 117.00 OK
r-oldrel-windows-ix86+x86_64 1.0.1 342.00 511.00 853.00 OK

Additional issues

clang14

Check Details

Version: 1.0.1
Check: whether package can be installed
Result: WARN
    Found the following significant warnings:
     get_subplot_boundary_pixels.cpp:37:10: warning: use of bitwise '|' with boolean operands [-Wbitwise-instead-of-logical]
     polygonize_class.cpp:52:10: warning: use of bitwise '&' with boolean operands [-Wbitwise-instead-of-logical]
     polygonize_class.cpp:78:16: warning: use of bitwise '&' with boolean operands [-Wbitwise-instead-of-logical]
     polygonize_class.cpp:99:11: warning: use of bitwise '|' with boolean operands [-Wbitwise-instead-of-logical]
     polygonize_class.cpp:102:12: warning: use of bitwise '&' with boolean operands [-Wbitwise-instead-of-logical]
Flavors: r-devel-linux-x86_64-debian-clang, r-devel-linux-x86_64-fedora-clang