Last updated on 2025-10-30 01:49:52 CET.
| Flavor | Version | Tinstall | Tcheck | Ttotal | Status | Flags |
|---|---|---|---|---|---|---|
| r-devel-linux-x86_64-debian-clang | 1.3.0 | 43.41 | 266.92 | 310.33 | OK | |
| r-devel-linux-x86_64-debian-gcc | 1.3.0 | 35.14 | 178.02 | 213.16 | OK | |
| r-devel-linux-x86_64-fedora-clang | 1.3.0 | 117.00 | 397.25 | 514.25 | OK | |
| r-devel-linux-x86_64-fedora-gcc | 1.3.0 | 100.00 | 429.53 | 529.53 | OK | |
| r-devel-windows-x86_64 | 1.3.0 | 58.00 | 257.00 | 315.00 | OK | |
| r-patched-linux-x86_64 | 1.3.0 | 47.02 | 250.72 | 297.74 | OK | |
| r-release-linux-x86_64 | 1.3.0 | 51.44 | 249.14 | 300.58 | OK | |
| r-release-macos-arm64 | 1.3.0 | 28.00 | 164.00 | 192.00 | OK | |
| r-release-macos-x86_64 | 1.3.0 | 23.00 | 285.00 | 308.00 | OK | |
| r-release-windows-x86_64 | 1.3.0 | 57.00 | 263.00 | 320.00 | OK | |
| r-oldrel-macos-arm64 | 1.3.0 | 21.00 | 158.00 | 179.00 | NOTE | |
| r-oldrel-macos-x86_64 | 1.3.0 | 25.00 | 224.00 | 249.00 | NOTE | |
| r-oldrel-windows-x86_64 | 1.3.0 | 70.00 | 353.00 | 423.00 | OK |
Version: 1.3.0
Check: installed package size
Result: NOTE
installed size is 5.2Mb
sub-directories of 1Mb or more:
help 1.1Mb
libs 3.0Mb
Flavors: r-oldrel-macos-arm64, r-oldrel-macos-x86_64