Last updated on 2025-05-19 01:49:46 CEST.
Flavor | Version | Tinstall | Tcheck | Ttotal | Status | Flags |
---|---|---|---|---|---|---|
r-devel-linux-x86_64-debian-clang | 0.2 | 2.33 | 43.91 | 46.24 | NOTE | |
r-devel-linux-x86_64-debian-gcc | 0.2 | 1.88 | 33.62 | 35.50 | NOTE | |
r-devel-linux-x86_64-fedora-clang | 0.2 | 73.46 | OK | |||
r-devel-linux-x86_64-fedora-gcc | 0.2 | 90.32 | OK | |||
r-devel-windows-x86_64 | 0.2 | 3.00 | 73.00 | 76.00 | OK | |
r-patched-linux-x86_64 | 0.2 | 2.20 | 42.37 | 44.57 | OK | |
r-release-linux-x86_64 | 0.2 | 1.95 | 42.46 | 44.41 | OK | |
r-release-macos-arm64 | 0.2 | 41.00 | OK | |||
r-release-macos-x86_64 | 0.2 | 65.00 | OK | |||
r-release-windows-x86_64 | 0.2 | 3.00 | 80.00 | 83.00 | OK | |
r-oldrel-macos-arm64 | 0.2 | 32.00 | OK | |||
r-oldrel-macos-x86_64 | 0.2 | 48.00 | OK | |||
r-oldrel-windows-x86_64 | 0.2 | 4.00 | 82.00 | 86.00 | OK |
Version: 0.2
Check: CRAN incoming feasibility
Result: NOTE
Maintainer: ‘Livio Finos <livio.finos@unipd.it>’
No Authors@R field in DESCRIPTION.
Please add one, modifying
Authors@R: c(person(given = "Livio",
family = "Finos",
role = c("aut", "cre"),
email = "livio.finos@unipd.it"),
person(given = "Jelle",
family = "Goeman",
role = "aut"),
person(given = "Wouter",
family = "Weeda",
role = "aut"),
person(given = "Jonathan",
family = "Rosenblatt",
role = "aut"),
person(given = "Aldo",
family = "Solari",
role = "aut"))
as necessary.
Flavors: r-devel-linux-x86_64-debian-clang, r-devel-linux-x86_64-debian-gcc