CRAN Package Check Results for Package ARPobservation

Last updated on 2025-05-09 01:49:58 CEST.

Flavor Version Tinstall Tcheck Ttotal Status Flags
r-devel-linux-x86_64-debian-clang 1.2.2 3.90 39.87 43.77 NOTE
r-devel-linux-x86_64-debian-gcc 1.2.2 2.41 29.45 31.86 NOTE
r-devel-linux-x86_64-fedora-clang 1.2.2 68.02 OK
r-devel-linux-x86_64-fedora-gcc 1.2.2 79.05 OK
r-devel-windows-x86_64 1.2.2 6.00 68.00 74.00 OK
r-patched-linux-x86_64 1.2.2 4.06 37.35 41.41 OK
r-release-linux-x86_64 1.2.2 2.98 37.80 40.78 OK
r-release-macos-arm64 1.2.2 30.00 OK
r-release-macos-x86_64 1.2.2 54.00 OK
r-release-windows-x86_64 1.2.2 5.00 67.00 72.00 OK
r-oldrel-macos-arm64 1.2.2 33.00 OK
r-oldrel-macos-x86_64 1.2.2 42.00 OK
r-oldrel-windows-x86_64 1.2.2 7.00 77.00 84.00 OK

Check Details

Version: 1.2.2
Check: CRAN incoming feasibility
Result: NOTE Maintainer: ‘James E. Pustejovsky <jepusto@gmail.com>’ No Authors@R field in DESCRIPTION. Please add one, modifying Authors@R: c(person(given = c("James", "E."), family = "Pustejovsky", role = c("aut", "cre"), email = "jepusto@gmail.com"), person(given = c("with", "contributions", "from", "Daniel", "M."), family = "Swan", role = "aut")) as necessary. Flavors: r-devel-linux-x86_64-debian-clang, r-devel-linux-x86_64-debian-gcc