Last updated on 2024-04-18 01:55:01 CEST.
Flavor | Version | Tinstall | Tcheck | Ttotal | Status | Flags |
---|---|---|---|---|---|---|
r-devel-linux-x86_64-debian-clang | 1.1.4 | 56.37 | 211.83 | 268.20 | OK | |
r-devel-linux-x86_64-debian-gcc | 1.1.4 | 45.90 | 170.24 | 216.14 | OK | |
r-devel-linux-x86_64-fedora-clang | 1.1.4 | 370.39 | OK | |||
r-devel-linux-x86_64-fedora-gcc | 1.1.4 | 356.12 | OK | |||
r-prerel-macos-arm64 | 1.1.4 | 101.00 | NOTE | |||
r-prerel-macos-x86_64 | 1.1.4 | 130.00 | OK | |||
r-prerel-windows-x86_64 | 1.1.4 | 57.00 | 186.00 | 243.00 | OK | |
r-patched-linux-x86_64 | 1.1.4 | 58.61 | 211.62 | 270.23 | OK | |
r-release-linux-x86_64 | 1.1.4 | 52.86 | 214.27 | 267.13 | OK | |
r-release-macos-arm64 | 1.1.4 | 83.00 | NOTE | |||
r-release-macos-x86_64 | 1.1.4 | 120.00 | OK | |||
r-release-windows-x86_64 | 1.1.4 | 79.00 | 218.00 | 297.00 | OK | |
r-oldrel-macos-arm64 | 1.1.4 | 88.00 | NOTE | |||
r-oldrel-windows-x86_64 | 1.1.4 | 64.00 | 246.00 | 310.00 | OK |
Version: 1.1.4
Check: installed package size
Result: NOTE
installed size is 5.8Mb
sub-directories of 1Mb or more:
data 5.4Mb
Flavors: r-prerel-macos-arm64, r-release-macos-arm64, r-oldrel-macos-arm64