Last updated on 2022-08-12 01:49:56 CEST.
Flavor | Version | Tinstall | Tcheck | Ttotal | Status | Flags |
---|---|---|---|---|---|---|
r-devel-linux-x86_64-debian-clang | 0.1.1 | 14.88 | 131.89 | 146.77 | NOTE | |
r-devel-linux-x86_64-debian-gcc | 0.1.1 | 11.72 | 97.62 | 109.34 | NOTE | |
r-devel-linux-x86_64-fedora-clang | 0.1.1 | 182.57 | NOTE | |||
r-devel-linux-x86_64-fedora-gcc | 0.1.1 | 181.52 | NOTE | |||
r-devel-windows-x86_64 | 0.1.1 | 18.00 | 169.00 | 187.00 | NOTE | |
r-patched-linux-x86_64 | 0.1.1 | 13.57 | 123.85 | 137.42 | OK | |
r-release-linux-x86_64 | 0.1.1 | 10.45 | 127.78 | 138.23 | OK | |
r-release-macos-arm64 | 0.1.1 | 49.00 | NOTE | |||
r-release-macos-x86_64 | 0.1.1 | 83.00 | NOTE | |||
r-release-windows-x86_64 | 0.1.1 | 19.00 | 170.00 | 189.00 | OK | |
r-oldrel-macos-arm64 | 0.1.1 | 62.00 | NOTE | |||
r-oldrel-macos-x86_64 | 0.1.1 | 88.00 | NOTE | |||
r-oldrel-windows-ix86+x86_64 | 0.1.1 | 31.00 | 149.00 | 180.00 | OK |
Version: 0.1.1
Check: package subdirectories
Result: NOTE
Problems with news in 'NEWS.md':
No news entries found.
Flavors: r-devel-linux-x86_64-debian-clang, r-devel-linux-x86_64-debian-gcc, r-devel-linux-x86_64-fedora-clang, r-devel-linux-x86_64-fedora-gcc, r-devel-windows-x86_64
Version: 0.1.1
Check: dependencies in R code
Result: NOTE
Namespace in Imports field not imported from: ‘tidyr’
All declared Imports should be used.
Flavors: r-devel-linux-x86_64-fedora-clang, r-devel-linux-x86_64-fedora-gcc, r-release-macos-arm64, r-release-macos-x86_64, r-oldrel-macos-arm64, r-oldrel-macos-x86_64