Last updated on 2024-03-28 01:53:50 CET.
Flavor | Version | Tinstall | Tcheck | Ttotal | Status | Flags |
---|---|---|---|---|---|---|
r-devel-linux-x86_64-debian-clang | 2.0.1 | 16.67 | 420.65 | 437.32 | NOTE | |
r-devel-linux-x86_64-debian-gcc | 2.0.1 | 13.07 | 299.88 | 312.95 | NOTE | |
r-devel-linux-x86_64-fedora-clang | 2.0.1 | 518.09 | NOTE | |||
r-devel-linux-x86_64-fedora-gcc | 2.0.1 | 554.71 | NOTE | |||
r-devel-windows-x86_64 | 2.0.1 | 13.00 | 313.00 | 326.00 | OK | |
r-patched-linux-x86_64 | 2.0.1 | 16.89 | 387.90 | 404.79 | NOTE | |
r-release-linux-x86_64 | 2.0.1 | 11.13 | 386.87 | 398.00 | NOTE | |
r-release-macos-arm64 | 2.0.1 | 149.00 | OK | |||
r-release-macos-x86_64 | 2.0.1 | 256.00 | OK | |||
r-release-windows-x86_64 | 2.0.1 | 18.00 | 406.00 | 424.00 | OK | |
r-oldrel-macos-arm64 | 2.0.1 | 113.00 | OK | |||
r-oldrel-windows-x86_64 | 2.0.1 | 20.00 | 318.00 | 338.00 | OK |
Version: 2.0.1
Check: for non-standard things in the check directory
Result: NOTE
Found the following files/directories:
‘table_AeRobiology’
Flavors: r-devel-linux-x86_64-debian-clang, r-devel-linux-x86_64-debian-gcc, r-devel-linux-x86_64-fedora-clang, r-devel-linux-x86_64-fedora-gcc, r-patched-linux-x86_64, r-release-linux-x86_64