Last updated on 2024-03-29 01:50:59 CET.
Flavor | Version | Tinstall | Tcheck | Ttotal | Status | Flags |
---|---|---|---|---|---|---|
r-devel-linux-x86_64-debian-clang | 0.0.4.1 | 52.81 | 55.68 | 108.49 | NOTE | |
r-devel-linux-x86_64-debian-gcc | 0.0.4.1 | 42.24 | 42.94 | 85.18 | NOTE | |
r-devel-linux-x86_64-fedora-clang | 0.0.4.1 | 153.35 | NOTE | |||
r-devel-linux-x86_64-fedora-gcc | 0.0.4.1 | 166.12 | NOTE | |||
r-devel-windows-x86_64 | 0.0.4.1 | 44.00 | 86.00 | 130.00 | NOTE | |
r-patched-linux-x86_64 | 0.0.4.1 | 53.90 | 53.67 | 107.57 | NOTE | |
r-release-linux-x86_64 | 0.0.4.1 | 57.88 | 54.65 | 112.53 | OK | |
r-release-macos-arm64 | 0.0.4.1 | 49.00 | OK | |||
r-release-macos-x86_64 | 0.0.4.1 | 80.00 | OK | |||
r-release-windows-x86_64 | 0.0.4.1 | 51.00 | 97.00 | 148.00 | OK | |
r-oldrel-macos-arm64 | 0.0.4.1 | 42.00 | OK | |||
r-oldrel-windows-x86_64 | 0.0.4.1 | 50.00 | 94.00 | 144.00 | OK |
Version: 0.0.4.1
Check: Rd files
Result: NOTE
checkRd: (-1) ASBT.Rd:36-37: Lost braces
36 | \item{method}{Method for aggregating across categories: {"none", "max",
| ^
checkRd: (-1) Aggregator.Rd:26: Lost braces; missing escapes or markup?
26 | {"none", "max", "sum"}. Default: "none".}
| ^
checkRd: (-1) DGP.Rd:72: Lost braces in \itemize; meant \describe ?
checkRd: (-1) DGP.Rd:73: Lost braces in \itemize; meant \describe ?
checkRd: (-1) DGP.Rd:74: Lost braces in \itemize; meant \describe ?
checkRd: (-1) DGP.Rd:75: Lost braces in \itemize; meant \describe ?
checkRd: (-1) OLS.Rd:17: Lost braces in \itemize; \value handles \item{}{} directly
checkRd: (-1) OLS.Rd:18: Lost braces in \itemize; \value handles \item{}{} directly
checkRd: (-1) OLS.Rd:19: Lost braces in \itemize; \value handles \item{}{} directly
checkRd: (-1) OLS.Rd:20: Lost braces in \itemize; \value handles \item{}{} directly
Flavors: r-devel-linux-x86_64-debian-clang, r-devel-linux-x86_64-debian-gcc, r-devel-linux-x86_64-fedora-clang, r-devel-linux-x86_64-fedora-gcc, r-devel-windows-x86_64, r-patched-linux-x86_64