Last updated on 2025-10-31 01:48:50 CET.
| Flavor | Version | Tinstall | Tcheck | Ttotal | Status | Flags | 
|---|---|---|---|---|---|---|
| r-devel-linux-x86_64-debian-clang | 1.0.7 | 5.61 | 58.41 | 64.02 | NOTE | |
| r-devel-linux-x86_64-debian-gcc | 1.0.7 | 3.77 | 43.62 | 47.39 | NOTE | |
| r-devel-linux-x86_64-fedora-clang | 1.0.7 | 12.00 | 87.72 | 99.72 | OK | |
| r-devel-linux-x86_64-fedora-gcc | 1.0.7 | 21.00 | 93.46 | 114.46 | OK | |
| r-devel-windows-x86_64 | 1.0.7 | 8.00 | 80.00 | 88.00 | OK | |
| r-patched-linux-x86_64 | 1.0.7 | 5.82 | 56.43 | 62.25 | OK | |
| r-release-linux-x86_64 | 1.0.7 | 5.65 | 55.50 | 61.15 | OK | |
| r-release-macos-arm64 | 1.0.7 | 2.00 | 35.00 | 37.00 | OK | |
| r-release-macos-x86_64 | 1.0.7 | 10.00 | 85.00 | 95.00 | OK | |
| r-release-windows-x86_64 | 1.0.7 | 7.00 | 82.00 | 89.00 | OK | |
| r-oldrel-macos-arm64 | 1.0.7 | 2.00 | 39.00 | 41.00 | OK | |
| r-oldrel-macos-x86_64 | 1.0.7 | 5.00 | 52.00 | 57.00 | OK | |
| r-oldrel-windows-x86_64 | 1.0.7 | 9.00 | 92.00 | 101.00 | OK | 
Version: 1.0.7
Check: CRAN incoming feasibility
Result: NOTE
  Maintainer: ‘Ville-Petteri Makinen <vpmakine@gmail.com>’
  
  No Authors@R field in DESCRIPTION.
  Please add one, modifying
    Authors@R: person(given = "Ville-Petteri",
                      family = "Makinen",
                      role = c("aut", "cre"),
                      email = "vpmakine@gmail.com")
  as necessary.
Flavors: r-devel-linux-x86_64-debian-clang, r-devel-linux-x86_64-debian-gcc