Last updated on 2024-04-19 01:58:35 CEST.
Flavor | Version | Tinstall | Tcheck | Ttotal | Status | Flags |
---|---|---|---|---|---|---|
r-devel-linux-x86_64-debian-clang | 0.1.7 | 16.20 | 80.75 | 96.95 | OK | |
r-devel-linux-x86_64-debian-gcc | 0.1.7 | 13.98 | 61.71 | 75.69 | ERROR | |
r-devel-linux-x86_64-fedora-clang | 0.1.7 | 125.98 | OK | |||
r-devel-linux-x86_64-fedora-gcc | 0.1.7 | 122.39 | OK | |||
r-prerel-macos-arm64 | 0.1.7 | 42.00 | OK | |||
r-prerel-macos-x86_64 | 0.1.7 | 70.00 | OK | |||
r-prerel-windows-x86_64 | 0.1.7 | 17.00 | 78.00 | 95.00 | OK | |
r-patched-linux-x86_64 | 0.1.7 | 14.36 | 76.94 | 91.30 | OK | |
r-release-linux-x86_64 | 0.1.7 | 12.42 | 76.99 | 89.41 | OK | |
r-release-macos-arm64 | 0.1.7 | 47.00 | NOTE | |||
r-release-macos-x86_64 | 0.1.7 | 66.00 | OK | |||
r-release-windows-x86_64 | 0.1.7 | 20.00 | 93.00 | 113.00 | OK | |
r-oldrel-macos-arm64 | 0.1.7 | 53.00 | OK | |||
r-oldrel-windows-x86_64 | 0.1.7 | 21.00 | 97.00 | 118.00 | OK |
Version: 0.1.7
Check: examples
Result: ERROR
Running examples in ‘AnnoProbe-Ex.R’ failed
The error most likely occurred in:
> base::assign(".ptime", proc.time(), pos = "CheckExEnv")
> ### Name: idmap
> ### Title: Get Probe Annotation
> ### Aliases: idmap
>
> ### ** Examples
>
> ids=idmap('GPL570',destdir=tempdir())
trying URL 'http://49.235.27.111/GEOmirror/GPL/GPL570_bioc.rda'
Warning in download.file(paste0(up, down), dt, mode = "wb") :
URL 'http://49.235.27.111/GEOmirror/GPL/GPL570_bioc.rda': Timeout of 60 seconds was reached
Error in download.file(paste0(up, down), dt, mode = "wb") :
cannot open URL 'http://49.235.27.111/GEOmirror/GPL/GPL570_bioc.rda'
Calls: idmap -> download.file
Execution halted
Flavor: r-devel-linux-x86_64-debian-gcc
Version: 0.1.7
Check: package dependencies
Result: NOTE
Package suggested but not available for checking: ‘GEOquery’
Flavor: r-release-macos-arm64