CRAN Package Check Results for Package AnnoProbe

Last updated on 2022-05-16 02:50:56 CEST.

Flavor Version Tinstall Tcheck Ttotal Status Flags
r-devel-linux-x86_64-debian-clang 0.1.6 14.91 95.58 110.49 OK
r-devel-linux-x86_64-debian-gcc 0.1.6 15.07 70.69 85.76 OK
r-devel-linux-x86_64-fedora-clang 0.1.6 135.07 OK
r-devel-linux-x86_64-fedora-gcc 0.1.6 126.73 OK
r-devel-windows-x86_64 0.1.6 30.00 108.00 138.00 OK
r-patched-linux-x86_64 0.1.6 15.19 90.24 105.43 OK
r-release-linux-x86_64 0.1.6 16.08 88.94 105.02 OK
r-release-macos-arm64 0.1.6 46.00 OK
r-release-macos-x86_64 0.1.6 76.00 OK
r-release-windows-x86_64 0.1.6 26.00 108.00 134.00 OK
r-oldrel-macos-arm64 0.1.6 48.00 NOTE
r-oldrel-macos-x86_64 0.1.6 59.00 OK
r-oldrel-windows-ix86+x86_64 0.1.6 35.00 117.00 152.00 OK

Check Details

Version: 0.1.6
Check: package dependencies
Result: NOTE
    Package suggested but not available for checking: ‘GEOquery’
Flavor: r-oldrel-macos-arm64