CRAN Package Check Results for Package Anthropometry

Last updated on 2022-06-30 01:49:02 CEST.

Flavor Version Tinstall Tcheck Ttotal Status Flags
r-devel-linux-x86_64-debian-clang 1.17 16.89 142.95 159.84 NOTE
r-devel-linux-x86_64-debian-gcc 1.17 12.29 107.16 119.45 NOTE
r-devel-linux-x86_64-fedora-clang 1.17 201.50 NOTE
r-devel-linux-x86_64-fedora-gcc 1.17 197.07 NOTE
r-devel-windows-x86_64 1.17 111.00 197.00 308.00 OK
r-patched-linux-x86_64 1.17 21.13 137.15 158.28 NOTE
r-release-linux-x86_64 1.17 13.50 136.47 149.97 NOTE
r-release-macos-arm64 1.17 51.00 OK
r-release-macos-x86_64 1.17 92.00 OK
r-release-windows-x86_64 1.17 115.00 193.00 308.00 OK
r-oldrel-macos-arm64 1.17 58.00 OK
r-oldrel-macos-x86_64 1.17 72.00 OK
r-oldrel-windows-ix86+x86_64 1.17 35.00 219.00 254.00 OK

Check Details

Version: 1.17
Check: package dependencies
Result: NOTE
    Package suggested but not available for checking: 'SportsAnalytics'
Flavors: r-devel-linux-x86_64-debian-clang, r-devel-linux-x86_64-debian-gcc, r-devel-linux-x86_64-fedora-clang, r-devel-linux-x86_64-fedora-gcc, r-patched-linux-x86_64, r-release-linux-x86_64