Last updated on 2024-04-23 01:56:53 CEST.
Flavor | Version | Tinstall | Tcheck | Ttotal | Status | Flags |
---|---|---|---|---|---|---|
r-devel-linux-x86_64-debian-clang | 2.0.5 | 15.08 | 128.11 | 143.19 | OK | |
r-devel-linux-x86_64-debian-gcc | 2.0.5 | 11.16 | 93.71 | 104.87 | OK | |
r-devel-linux-x86_64-fedora-clang | 2.0.5 | 173.40 | NOTE | |||
r-devel-linux-x86_64-fedora-gcc | 2.0.5 | 182.89 | OK | |||
r-prerel-macos-arm64 | 2.0.5 | 48.00 | NOTE | |||
r-prerel-windows-x86_64 | 2.0.5 | 13.00 | 111.00 | 124.00 | NOTE | |
r-patched-linux-x86_64 | 2.0.5 | 13.12 | 121.26 | 134.38 | OK | |
r-release-linux-x86_64 | 2.0.5 | 11.44 | 122.33 | 133.77 | OK | |
r-release-macos-arm64 | 2.0.5 | 52.00 | NOTE | |||
r-release-macos-x86_64 | 2.0.5 | 91.00 | NOTE | |||
r-release-windows-x86_64 | 2.0.5 | 18.00 | 135.00 | 153.00 | NOTE | |
r-oldrel-macos-arm64 | 2.0.5 | 49.00 | NOTE | |||
r-oldrel-windows-x86_64 | 2.0.5 | 18.00 | 133.00 | 151.00 | NOTE |
Version: 2.0.5
Check: installed package size
Result: NOTE
installed size is 5.4Mb
sub-directories of 1Mb or more:
data 5.1Mb
Flavors: r-devel-linux-x86_64-fedora-clang, r-prerel-macos-arm64, r-prerel-windows-x86_64, r-release-macos-arm64, r-release-macos-x86_64, r-release-windows-x86_64, r-oldrel-macos-arm64, r-oldrel-windows-x86_64