Last updated on 2024-04-25 01:55:04 CEST.
Flavor | Version | Tinstall | Tcheck | Ttotal | Status | Flags |
---|---|---|---|---|---|---|
r-devel-linux-x86_64-debian-clang | 1.3.4 | 13.62 | 42.24 | 55.86 | OK | |
r-devel-linux-x86_64-debian-gcc | 1.3.4 | 9.62 | 31.89 | 41.51 | OK | |
r-devel-linux-x86_64-fedora-clang | 1.3.4 | 73.66 | NOTE | |||
r-devel-linux-x86_64-fedora-gcc | 1.3.4 | 83.23 | NOTE | |||
r-devel-windows-x86_64 | 1.3.4 | 10.00 | 56.00 | 66.00 | OK | |
r-patched-linux-x86_64 | 1.3.4 | 13.10 | 39.76 | 52.86 | OK | |
r-release-linux-x86_64 | 1.3.4 | 8.45 | 38.61 | 47.06 | OK | |
r-release-macos-arm64 | 1.3.4 | 32.00 | OK | |||
r-release-windows-x86_64 | 1.3.4 | 10.00 | 56.00 | 66.00 | OK | |
r-oldrel-macos-arm64 | 1.3.4 | 45.00 | OK | |||
r-oldrel-macos-x86_64 | 1.3.4 | 58.00 | OK | |||
r-oldrel-windows-x86_64 | 1.3.4 | 14.00 | 62.00 | 76.00 | OK |
Version: 1.3.4
Check: dependencies in R code
Result: NOTE
Namespace in Imports field not imported from: ‘curl’
All declared Imports should be used.
Flavors: r-devel-linux-x86_64-fedora-clang, r-devel-linux-x86_64-fedora-gcc