Last updated on 2024-08-16 01:48:13 CEST.
Flavor | Version | Tinstall | Tcheck | Ttotal | Status | Flags |
---|---|---|---|---|---|---|
r-devel-linux-x86_64-debian-clang | 1.0.5 | 9.41 | 28.26 | 37.67 | NOTE | |
r-devel-linux-x86_64-debian-gcc | 1.0.5 | 7.05 | 20.93 | 27.98 | NOTE | |
r-devel-linux-x86_64-fedora-clang | 1.0.5 | 62.13 | NOTE | |||
r-devel-linux-x86_64-fedora-gcc | 1.0.5 | 69.93 | NOTE | |||
r-devel-windows-x86_64 | 1.0.5 | 12.00 | 52.00 | 64.00 | NOTE | |
r-patched-linux-x86_64 | 1.0.5 | 13.47 | 26.35 | 39.82 | OK | |
r-release-linux-x86_64 | 1.0.5 | 9.40 | 26.28 | 35.68 | OK | |
r-release-macos-arm64 | 1.0.5 | 26.00 | OK | |||
r-release-macos-x86_64 | 1.0.5 | 41.00 | OK | |||
r-release-windows-x86_64 | 1.0.5 | 11.00 | 53.00 | 64.00 | OK | |
r-oldrel-macos-arm64 | 1.0.5 | 28.00 | OK | |||
r-oldrel-macos-x86_64 | 1.0.5 | 42.00 | OK | |||
r-oldrel-windows-x86_64 | 1.0.5 | 14.00 | 53.00 | 67.00 | OK |
Version: 1.0.5
Check: Rd cross-references
Result: NOTE
Found the following Rd file(s) with Rd \link{} targets missing package
anchors:
az_key_vault.Rd: az_resource_group
Please provide package anchors for all Rd \link{} targets not in the
package itself and the base packages.
Flavors: r-devel-linux-x86_64-debian-clang, r-devel-linux-x86_64-debian-gcc, r-devel-windows-x86_64
Version: 1.0.5
Check: dependencies in R code
Result: NOTE
Namespaces in Imports field not imported from:
‘R6’ ‘jose’ ‘openssl’
All declared Imports should be used.
Flavors: r-devel-linux-x86_64-fedora-clang, r-devel-linux-x86_64-fedora-gcc