Last updated on 2024-04-18 01:55:02 CEST.
Flavor | Version | Tinstall | Tcheck | Ttotal | Status | Flags |
---|---|---|---|---|---|---|
r-devel-linux-x86_64-debian-clang | 3.7.0 | 6.85 | 54.44 | 61.29 | OK | |
r-devel-linux-x86_64-debian-gcc | 3.7.0 | 5.24 | 40.14 | 45.38 | OK | |
r-devel-linux-x86_64-fedora-clang | 3.7.0 | 78.09 | NOTE | |||
r-devel-linux-x86_64-fedora-gcc | 3.7.0 | 94.19 | NOTE | |||
r-prerel-macos-arm64 | 3.7.0 | 34.00 | OK | |||
r-prerel-windows-x86_64 | 3.7.0 | 8.00 | 68.00 | 76.00 | OK | |
r-patched-linux-x86_64 | 3.7.0 | 12.28 | 53.00 | 65.28 | OK | |
r-release-linux-x86_64 | 3.7.0 | 6.27 | 51.53 | 57.80 | OK | |
r-release-macos-arm64 | 3.7.0 | 34.00 | OK | |||
r-release-macos-x86_64 | 3.7.0 | 50.00 | OK | |||
r-release-windows-x86_64 | 3.7.0 | 11.00 | 71.00 | 82.00 | OK | |
r-oldrel-macos-arm64 | 3.7.0 | 27.00 | NOTE | |||
r-oldrel-windows-x86_64 | 3.7.0 | 10.00 | 67.00 | 77.00 | OK |
Version: 3.7.0
Check: dependencies in R code
Result: NOTE
Namespace in Imports field not imported from: ‘R6’
All declared Imports should be used.
Flavors: r-devel-linux-x86_64-fedora-clang, r-devel-linux-x86_64-fedora-gcc, r-oldrel-macos-arm64