Last updated on 2024-04-19 01:58:36 CEST.
Flavor | Version | Tinstall | Tcheck | Ttotal | Status | Flags |
---|---|---|---|---|---|---|
r-devel-linux-x86_64-debian-clang | 2.9.7 | 176.05 | 186.52 | 362.57 | OK | |
r-devel-linux-x86_64-debian-gcc | 2.9.7 | 127.70 | 128.61 | 256.31 | OK | |
r-devel-linux-x86_64-fedora-clang | 2.9.7 | 521.95 | OK | |||
r-devel-linux-x86_64-fedora-gcc | 2.9.7 | 497.19 | OK | |||
r-prerel-macos-arm64 | 2.9.7 | 116.00 | NOTE | |||
r-prerel-macos-x86_64 | 2.9.7 | 250.00 | NOTE | |||
r-prerel-windows-x86_64 | 2.9.7 | 131.00 | 172.00 | 303.00 | NOTE | |
r-patched-linux-x86_64 | 2.9.7 | 185.61 | 168.64 | 354.25 | OK | |
r-release-linux-x86_64 | 2.9.7 | 175.56 | 179.28 | 354.84 | OK | |
r-release-macos-arm64 | 2.9.7 | 114.00 | NOTE | |||
r-release-macos-x86_64 | 2.9.7 | 226.00 | NOTE | |||
r-release-windows-x86_64 | 2.9.7 | 167.00 | 204.00 | 371.00 | NOTE | |
r-oldrel-macos-arm64 | 2.9.7 | 104.00 | NOTE | |||
r-oldrel-windows-x86_64 | 2.9.7 | 158.00 | 189.00 | 347.00 | NOTE |
Version: 2.9.7
Check: installed package size
Result: NOTE
installed size is 8.0Mb
sub-directories of 1Mb or more:
data 3.1Mb
libs 3.4Mb
Flavors: r-prerel-macos-arm64, r-prerel-macos-x86_64, r-prerel-windows-x86_64, r-release-macos-arm64, r-release-macos-x86_64, r-release-windows-x86_64, r-oldrel-macos-arm64, r-oldrel-windows-x86_64