Last updated on 2022-06-30 01:49:03 CEST.
Flavor | Version | Tinstall | Tcheck | Ttotal | Status | Flags |
---|---|---|---|---|---|---|
r-devel-linux-x86_64-debian-clang | 2.2.0 | 11.46 | 94.90 | 106.36 | NOTE | |
r-devel-linux-x86_64-debian-gcc | 2.2.0 | 7.12 | 71.90 | 79.02 | NOTE | |
r-devel-linux-x86_64-fedora-clang | 2.2.0 | 135.29 | NOTE | |||
r-devel-linux-x86_64-fedora-gcc | 2.2.0 | 135.63 | NOTE | |||
r-devel-windows-x86_64 | 2.2.0 | 17.00 | 119.00 | 136.00 | NOTE | |
r-patched-linux-x86_64 | 2.2.0 | 9.94 | 90.30 | 100.24 | OK | |
r-release-linux-x86_64 | 2.2.0 | 8.00 | 89.78 | 97.78 | OK | |
r-release-macos-arm64 | 2.2.0 | 48.00 | OK | |||
r-release-macos-x86_64 | 2.2.0 | 57.00 | OK | |||
r-release-windows-x86_64 | 2.2.0 | 18.00 | 115.00 | 133.00 | OK | |
r-oldrel-macos-arm64 | 2.2.0 | 43.00 | OK | |||
r-oldrel-macos-x86_64 | 2.2.0 | 55.00 | OK | |||
r-oldrel-windows-ix86+x86_64 | 2.2.0 | 21.00 | 114.00 | 135.00 | OK |
Version: 2.2.0
Check: Rd files
Result: NOTE
checkRd: (-1) tlsce.Rd:51: Escaped LaTeX specials: \_
checkRd: (-1) tlsce.Rd:55: Escaped LaTeX specials: \_
checkRd: (-1) tlsce.Rd:90: Escaped LaTeX specials: \_
checkRd: (-1) tlsce.Rd:93: Escaped LaTeX specials: \_
Flavors: r-devel-linux-x86_64-debian-clang, r-devel-linux-x86_64-debian-gcc, r-devel-linux-x86_64-fedora-clang, r-devel-linux-x86_64-fedora-gcc, r-devel-windows-x86_64