Last updated on 2025-05-05 01:50:41 CEST.
Flavor | Version | Tinstall | Tcheck | Ttotal | Status | Flags |
---|---|---|---|---|---|---|
r-devel-linux-x86_64-debian-clang | 2.1.5 | 101.27 | 401.15 | 502.42 | OK | |
r-devel-linux-x86_64-debian-gcc | 2.1.5 | 67.92 | 280.67 | 348.59 | OK | |
r-devel-linux-x86_64-fedora-clang | 2.1.5 | 818.86 | OK | |||
r-devel-linux-x86_64-fedora-gcc | 2.1.5 | 820.02 | OK | |||
r-devel-windows-x86_64 | 2.1.5 | 88.00 | 394.00 | 482.00 | OK | |
r-patched-linux-x86_64 | 2.1.5 | 90.56 | 378.15 | 468.71 | OK | |
r-release-linux-x86_64 | 2.1.5 | 86.77 | 384.50 | 471.27 | OK | |
r-release-macos-arm64 | 2.1.5 | 208.00 | OK | |||
r-release-macos-x86_64 | 2.1.5 | 389.00 | OK | |||
r-release-windows-x86_64 | 2.1.5 | 87.00 | 394.00 | 481.00 | OK | |
r-oldrel-macos-arm64 | 2.1.5 | 182.00 | NOTE | |||
r-oldrel-macos-x86_64 | 2.1.5 | 289.00 | NOTE | |||
r-oldrel-windows-x86_64 | 2.1.5 | 112.00 | 521.00 | 633.00 | NOTE |
Version: 2.1.5
Check: installed package size
Result: NOTE
installed size is 12.9Mb
sub-directories of 1Mb or more:
doc 3.3Mb
help 1.1Mb
libs 7.7Mb
Flavors: r-oldrel-macos-arm64, r-oldrel-macos-x86_64, r-oldrel-windows-x86_64