Last updated on 2025-05-05 01:50:41 CEST.
Flavor | Version | Tinstall | Tcheck | Ttotal | Status | Flags |
---|---|---|---|---|---|---|
r-devel-linux-x86_64-debian-clang | 2.5.8 | 88.18 | 350.78 | 438.96 | OK | |
r-devel-linux-x86_64-debian-gcc | 2.5.8 | 63.13 | 221.03 | 284.16 | OK | |
r-devel-linux-x86_64-fedora-clang | 2.5.8 | 720.66 | OK | |||
r-devel-linux-x86_64-fedora-gcc | 2.5.8 | 778.03 | OK | |||
r-devel-windows-x86_64 | 2.5.8 | 100.00 | 318.00 | 418.00 | OK | |
r-patched-linux-x86_64 | 2.5.8 | 84.99 | 332.39 | 417.38 | OK | |
r-release-linux-x86_64 | 2.5.8 | 90.37 | 334.20 | 424.57 | OK | |
r-release-macos-arm64 | 2.5.8 | 218.00 | OK | |||
r-release-macos-x86_64 | 2.5.8 | 369.00 | OK | |||
r-release-windows-x86_64 | 2.5.8 | 101.00 | 321.00 | 422.00 | OK | |
r-oldrel-macos-arm64 | 2.5.8 | 102.00 | NOTE | |||
r-oldrel-macos-x86_64 | 2.5.8 | 181.00 | NOTE | |||
r-oldrel-windows-x86_64 | 2.5.8 | 114.00 | 444.00 | 558.00 | NOTE |
Version: 2.5.8
Check: installed package size
Result: NOTE
installed size is 10.8Mb
sub-directories of 1Mb or more:
doc 2.9Mb
libs 6.4Mb
Flavors: r-oldrel-macos-arm64, r-oldrel-macos-x86_64, r-oldrel-windows-x86_64
Version: 2.5.8
Check: for GNU extensions in Makefiles
Result: NOTE
GNU make is a SystemRequirements.
Flavors: r-oldrel-macos-arm64, r-oldrel-macos-x86_64, r-oldrel-windows-x86_64