Last updated on 2023-05-29 01:56:46 CEST.
Flavor | Version | Tinstall | Tcheck | Ttotal | Status | Flags |
---|---|---|---|---|---|---|
r-devel-linux-x86_64-debian-clang | 2.5.2 | 127.13 | 311.51 | 438.64 | NOTE | |
r-devel-linux-x86_64-debian-gcc | 2.5.2 | 104.31 | 230.02 | 334.33 | NOTE | |
r-devel-linux-x86_64-fedora-clang | 2.5.2 | 567.08 | NOTE | |||
r-devel-linux-x86_64-fedora-gcc | 2.5.2 | 639.67 | NOTE | |||
r-devel-windows-x86_64 | 2.5.2 | 96.00 | 249.00 | 345.00 | NOTE | |
r-patched-linux-x86_64 | 2.5.2 | 114.22 | 300.11 | 414.33 | NOTE | |
r-release-linux-x86_64 | 2.5.2 | 97.19 | 297.34 | 394.53 | NOTE | |
r-release-macos-arm64 | 2.5.2 | 156.00 | NOTE | |||
r-release-macos-x86_64 | 2.5.2 | 268.00 | NOTE | |||
r-release-windows-x86_64 | 2.5.2 | 126.00 | 342.00 | 468.00 | NOTE | |
r-oldrel-macos-arm64 | 2.5.2 | 139.00 | NOTE | |||
r-oldrel-macos-x86_64 | 2.5.2 | 179.00 | NOTE | |||
r-oldrel-windows-x86_64 | 2.5.2 | 121.00 | 318.00 | 439.00 | NOTE |
Version: 2.5.2
Check: C++ specification
Result: NOTE
Specified C++11: please drop specification unless essential
Flavors: r-devel-linux-x86_64-debian-clang, r-devel-linux-x86_64-debian-gcc, r-devel-linux-x86_64-fedora-clang, r-devel-linux-x86_64-fedora-gcc, r-devel-windows-x86_64, r-patched-linux-x86_64, r-release-linux-x86_64, r-release-macos-arm64, r-release-macos-x86_64, r-release-windows-x86_64
Version: 2.5.2
Check: for GNU extensions in Makefiles
Result: NOTE
GNU make is a SystemRequirements.
Flavors: r-devel-linux-x86_64-debian-clang, r-devel-linux-x86_64-debian-gcc, r-devel-linux-x86_64-fedora-clang, r-devel-linux-x86_64-fedora-gcc, r-devel-windows-x86_64, r-patched-linux-x86_64, r-release-linux-x86_64, r-release-macos-arm64, r-release-macos-x86_64, r-release-windows-x86_64, r-oldrel-macos-arm64, r-oldrel-macos-x86_64, r-oldrel-windows-x86_64
Version: 2.5.2
Check: data for non-ASCII characters
Result: NOTE
Note: found 582 marked UTF-8 strings
Flavors: r-devel-linux-x86_64-fedora-clang, r-devel-linux-x86_64-fedora-gcc, r-oldrel-macos-arm64, r-oldrel-macos-x86_64
Version: 2.5.2
Check: installed package size
Result: NOTE
installed size is 5.6Mb
sub-directories of 1Mb or more:
doc 2.9Mb
libs 1.3Mb
Flavors: r-devel-windows-x86_64, r-release-macos-arm64, r-release-macos-x86_64, r-release-windows-x86_64, r-oldrel-macos-arm64, r-oldrel-macos-x86_64, r-oldrel-windows-x86_64