Last updated on 2025-05-25 02:50:01 CEST.
Flavor | Version | Tinstall | Tcheck | Ttotal | Status | Flags |
---|---|---|---|---|---|---|
r-devel-linux-x86_64-debian-clang | 1.87.0-1 | 26.38 | 39.27 | 65.65 | OK | |
r-devel-linux-x86_64-debian-gcc | 1.87.0-1 | 15.70 | 32.44 | 48.14 | OK | |
r-devel-linux-x86_64-fedora-clang | 1.87.0-1 | 66.38 | OK | |||
r-devel-linux-x86_64-fedora-gcc | 1.87.0-1 | 63.95 | OK | |||
r-devel-windows-x86_64 | 1.87.0-1 | 82.00 | 58.00 | 140.00 | OK | |
r-patched-linux-x86_64 | 1.87.0-1 | 20.18 | 37.49 | 57.67 | OK | |
r-release-linux-x86_64 | 1.87.0-1 | 20.42 | 37.82 | 58.24 | OK | |
r-release-macos-arm64 | 1.87.0-1 | 63.00 | OK | |||
r-release-macos-x86_64 | 1.87.0-1 | 126.00 | OK | |||
r-release-windows-x86_64 | 1.87.0-1 | 82.00 | 72.00 | 154.00 | OK | |
r-oldrel-macos-arm64 | 1.87.0-1 | 63.00 | NOTE | |||
r-oldrel-macos-x86_64 | 1.87.0-1 | 124.00 | NOTE | |||
r-oldrel-windows-x86_64 | 1.87.0-1 | 94.00 | 73.00 | 167.00 | NOTE |
Version: 1.87.0-1
Check: installed package size
Result: NOTE
installed size is 166.1Mb
sub-directories of 1Mb or more:
include 166.0Mb
Flavors: r-oldrel-macos-arm64, r-oldrel-macos-x86_64, r-oldrel-windows-x86_64