Last updated on 2022-07-03 01:48:49 CEST.
Flavor | Version | Tinstall | Tcheck | Ttotal | Status | Flags |
---|---|---|---|---|---|---|
r-devel-linux-x86_64-debian-clang | 3.4-15 | 159.39 | 104.85 | 264.24 | OK | |
r-devel-linux-x86_64-debian-gcc | 3.4-15 | 123.11 | 77.02 | 200.13 | OK | |
r-devel-linux-x86_64-fedora-clang | 3.4-15 | 407.11 | NOTE | |||
r-devel-linux-x86_64-fedora-gcc | 3.4-15 | 377.22 | OK | |||
r-devel-windows-x86_64 | 3.4-15 | 186.00 | 157.00 | 343.00 | OK | |
r-patched-linux-x86_64 | 3.4-15 | 139.78 | 98.88 | 238.66 | OK | |
r-release-linux-x86_64 | 3.4-15 | 143.65 | 96.50 | 240.15 | OK | |
r-release-macos-arm64 | 3.4-15 | 89.00 | NOTE | |||
r-release-macos-x86_64 | 3.4-15 | 138.00 | NOTE | |||
r-release-windows-x86_64 | 3.4-15 | 184.00 | 155.00 | 339.00 | OK | |
r-oldrel-macos-arm64 | 3.4-15 | 87.00 | NOTE | |||
r-oldrel-macos-x86_64 | 3.4-15 | 107.00 | NOTE | |||
r-oldrel-windows-ix86+x86_64 | 3.4-15 | 372.00 | 168.00 | 540.00 | OK |
Version: 3.4-15
Check: installed package size
Result: NOTE
installed size is 8.2Mb
sub-directories of 1Mb or more:
data 1.4Mb
libs 6.3Mb
Flavors: r-devel-linux-x86_64-fedora-clang, r-release-macos-arm64, r-release-macos-x86_64, r-oldrel-macos-arm64, r-oldrel-macos-x86_64